{"id":37966,"date":"2026-01-12T22:24:24","date_gmt":"2026-01-12T20:24:24","guid":{"rendered":"https:\/\/religionstars.com\/star\/alfred-wegener\/"},"modified":"2026-01-12T22:24:24","modified_gmt":"2026-01-12T20:24:24","slug":"alfred-wegener","status":"publish","type":"star","link":"https:\/\/religionstars.com\/it\/star\/alfred-wegener\/","title":{"rendered":"Alfred Wegener"},"content":{"rendered":"","protected":false},"excerpt":{"rendered":"","protected":false},"featured_media":0,"template":"","meta":{"_acf_changed":false,"_kad_blocks_custom_css":"","_kad_blocks_head_custom_js":"","_kad_blocks_body_custom_js":"","_kad_blocks_footer_custom_js":"","_kadence_starter_templates_imported_post":false,"_kad_post_transparent":"","_kad_post_title":"","_kad_post_layout":"","_kad_post_sidebar_id":"","_kad_post_content_style":"","_kad_post_vertical_padding":"","_kad_post_feature":"","_kad_post_feature_position":"","_kad_post_header":false,"_kad_post_footer":false,"_kad_post_classname":""},"pays":[739],"religion":[486],"type-celebrite":[684],"class_list":["post-37966","star","type-star","status-publish","hentry","pays-germania","religion-non-specificato","type-celebrite-appaltatore"],"acf":{"statut_confirmation":"non_confirme","justification":"Alfred Wegener \u00e8 nato in Germania ed \u00e8 principalmente conosciuto per la sua teoria della deriva dei continenti. \u00c8 stato cresciuto in una famiglia protestante, ma non ci sono dichiarazioni precise sulla sua pratica religiosa."},"yoast_head":"<!-- This site is optimized with the Yoast SEO plugin v27.5 - https:\/\/yoast.com\/product\/yoast-seo-wordpress\/ -->\n<title>Religione di Alfred Wegener<\/title>\n<meta name=\"description\" content=\"Scopri la religione di Alfred Wegener. Informazioni sulle credenze religiose di questa celebrit\u00e0 su ReligionStars.\" \/>\n<meta name=\"robots\" content=\"index, follow, max-snippet:-1, max-image-preview:large, max-video-preview:-1\" \/>\n<link rel=\"canonical\" href=\"https:\/\/religionstars.com\/it\/star\/alfred-wegener\/\" \/>\n<meta property=\"og:locale\" content=\"it_IT\" \/>\n<meta property=\"og:type\" content=\"article\" \/>\n<meta property=\"og:title\" content=\"Religione di Alfred Wegener\" \/>\n<meta property=\"og:description\" content=\"Scopri la religione di Alfred Wegener. Informazioni sulle credenze religiose di questa celebrit\u00e0 su ReligionStars.\" \/>\n<meta property=\"og:url\" content=\"https:\/\/religionstars.com\/it\/star\/alfred-wegener\/\" \/>\n<meta property=\"og:site_name\" content=\"Religion Stars\" \/>\n<meta name=\"twitter:card\" content=\"summary_large_image\" \/>\n<script type=\"application\/ld+json\" class=\"yoast-schema-graph\">{\"@context\":\"https:\\\/\\\/schema.org\",\"@graph\":[{\"@type\":\"WebPage\",\"@id\":\"https:\\\/\\\/religionstars.com\\\/it\\\/star\\\/alfred-wegener\\\/\",\"url\":\"https:\\\/\\\/religionstars.com\\\/it\\\/star\\\/alfred-wegener\\\/\",\"name\":\"Religione di Alfred Wegener\",\"isPartOf\":{\"@id\":\"https:\\\/\\\/religionstars.com\\\/it\\\/#website\"},\"datePublished\":\"2026-01-12T20:24:24+00:00\",\"description\":\"Scopri la religione di Alfred Wegener. Informazioni sulle credenze religiose di questa celebrit\u00e0 su ReligionStars.\",\"breadcrumb\":{\"@id\":\"https:\\\/\\\/religionstars.com\\\/it\\\/star\\\/alfred-wegener\\\/#breadcrumb\"},\"inLanguage\":\"it-IT\",\"potentialAction\":[{\"@type\":\"ReadAction\",\"target\":[\"https:\\\/\\\/religionstars.com\\\/it\\\/star\\\/alfred-wegener\\\/\"]}]},{\"@type\":\"BreadcrumbList\",\"@id\":\"https:\\\/\\\/religionstars.com\\\/it\\\/star\\\/alfred-wegener\\\/#breadcrumb\",\"itemListElement\":[{\"@type\":\"ListItem\",\"position\":1,\"name\":\"Home\",\"item\":\"https:\\\/\\\/religionstars.com\\\/it\\\/homepage\\\/\"},{\"@type\":\"ListItem\",\"position\":2,\"name\":\"Celebrit\u00e0\",\"item\":\"https:\\\/\\\/religionstars.com\\\/it\\\/star\\\/\"},{\"@type\":\"ListItem\",\"position\":3,\"name\":\"Alfred Wegener\"}]},{\"@type\":\"WebSite\",\"@id\":\"https:\\\/\\\/religionstars.com\\\/it\\\/#website\",\"url\":\"https:\\\/\\\/religionstars.com\\\/it\\\/\",\"name\":\"Religion Stars\",\"description\":\"The faith and beliefs of famous people\",\"publisher\":{\"@id\":\"https:\\\/\\\/religionstars.com\\\/it\\\/#organization\"},\"potentialAction\":[{\"@type\":\"SearchAction\",\"target\":{\"@type\":\"EntryPoint\",\"urlTemplate\":\"https:\\\/\\\/religionstars.com\\\/it\\\/?s={search_term_string}\"},\"query-input\":{\"@type\":\"PropertyValueSpecification\",\"valueRequired\":true,\"valueName\":\"search_term_string\"}}],\"inLanguage\":\"it-IT\"},{\"@type\":\"Organization\",\"@id\":\"https:\\\/\\\/religionstars.com\\\/it\\\/#organization\",\"name\":\"Religion Stars\",\"url\":\"https:\\\/\\\/religionstars.com\\\/it\\\/\",\"logo\":{\"@type\":\"ImageObject\",\"inLanguage\":\"it-IT\",\"@id\":\"https:\\\/\\\/religionstars.com\\\/it\\\/#\\\/schema\\\/logo\\\/image\\\/\",\"url\":\"https:\\\/\\\/religionstars.com\\\/wp-content\\\/uploads\\\/2025\\\/07\\\/cropped-Logo-Favicon-fond-clair.png\",\"contentUrl\":\"https:\\\/\\\/religionstars.com\\\/wp-content\\\/uploads\\\/2025\\\/07\\\/cropped-Logo-Favicon-fond-clair.png\",\"width\":512,\"height\":276,\"caption\":\"Religion Stars\"},\"image\":{\"@id\":\"https:\\\/\\\/religionstars.com\\\/it\\\/#\\\/schema\\\/logo\\\/image\\\/\"}}]}<\/script>\n<!-- \/ Yoast SEO plugin. -->","yoast_head_json":{"title":"Religione di Alfred Wegener","description":"Scopri la religione di Alfred Wegener. Informazioni sulle credenze religiose di questa celebrit\u00e0 su ReligionStars.","robots":{"index":"index","follow":"follow","max-snippet":"max-snippet:-1","max-image-preview":"max-image-preview:large","max-video-preview":"max-video-preview:-1"},"canonical":"https:\/\/religionstars.com\/it\/star\/alfred-wegener\/","og_locale":"it_IT","og_type":"article","og_title":"Religione di Alfred Wegener","og_description":"Scopri la religione di Alfred Wegener. Informazioni sulle credenze religiose di questa celebrit\u00e0 su ReligionStars.","og_url":"https:\/\/religionstars.com\/it\/star\/alfred-wegener\/","og_site_name":"Religion Stars","twitter_card":"summary_large_image","schema":{"@context":"https:\/\/schema.org","@graph":[{"@type":"WebPage","@id":"https:\/\/religionstars.com\/it\/star\/alfred-wegener\/","url":"https:\/\/religionstars.com\/it\/star\/alfred-wegener\/","name":"Religione di Alfred Wegener","isPartOf":{"@id":"https:\/\/religionstars.com\/it\/#website"},"datePublished":"2026-01-12T20:24:24+00:00","description":"Scopri la religione di Alfred Wegener. Informazioni sulle credenze religiose di questa celebrit\u00e0 su ReligionStars.","breadcrumb":{"@id":"https:\/\/religionstars.com\/it\/star\/alfred-wegener\/#breadcrumb"},"inLanguage":"it-IT","potentialAction":[{"@type":"ReadAction","target":["https:\/\/religionstars.com\/it\/star\/alfred-wegener\/"]}]},{"@type":"BreadcrumbList","@id":"https:\/\/religionstars.com\/it\/star\/alfred-wegener\/#breadcrumb","itemListElement":[{"@type":"ListItem","position":1,"name":"Home","item":"https:\/\/religionstars.com\/it\/homepage\/"},{"@type":"ListItem","position":2,"name":"Celebrit\u00e0","item":"https:\/\/religionstars.com\/it\/star\/"},{"@type":"ListItem","position":3,"name":"Alfred Wegener"}]},{"@type":"WebSite","@id":"https:\/\/religionstars.com\/it\/#website","url":"https:\/\/religionstars.com\/it\/","name":"Religion Stars","description":"The faith and beliefs of famous people","publisher":{"@id":"https:\/\/religionstars.com\/it\/#organization"},"potentialAction":[{"@type":"SearchAction","target":{"@type":"EntryPoint","urlTemplate":"https:\/\/religionstars.com\/it\/?s={search_term_string}"},"query-input":{"@type":"PropertyValueSpecification","valueRequired":true,"valueName":"search_term_string"}}],"inLanguage":"it-IT"},{"@type":"Organization","@id":"https:\/\/religionstars.com\/it\/#organization","name":"Religion Stars","url":"https:\/\/religionstars.com\/it\/","logo":{"@type":"ImageObject","inLanguage":"it-IT","@id":"https:\/\/religionstars.com\/it\/#\/schema\/logo\/image\/","url":"https:\/\/religionstars.com\/wp-content\/uploads\/2025\/07\/cropped-Logo-Favicon-fond-clair.png","contentUrl":"https:\/\/religionstars.com\/wp-content\/uploads\/2025\/07\/cropped-Logo-Favicon-fond-clair.png","width":512,"height":276,"caption":"Religion Stars"},"image":{"@id":"https:\/\/religionstars.com\/it\/#\/schema\/logo\/image\/"}}]}},"taxonomy_info":{"pays":[{"value":739,"label":"Germania"}],"religion":[{"value":486,"label":"Non specificato"}],"type-celebrite":[{"value":684,"label":"Appaltatore"}]},"featured_image_src_large":false,"author_info":[],"comment_info":"","_links":{"self":[{"href":"https:\/\/religionstars.com\/it\/wp-json\/wp\/v2\/stars\/37966","targetHints":{"allow":["GET"]}}],"collection":[{"href":"https:\/\/religionstars.com\/it\/wp-json\/wp\/v2\/stars"}],"about":[{"href":"https:\/\/religionstars.com\/it\/wp-json\/wp\/v2\/types\/star"}],"wp:attachment":[{"href":"https:\/\/religionstars.com\/it\/wp-json\/wp\/v2\/media?parent=37966"}],"wp:term":[{"taxonomy":"pays","embeddable":true,"href":"https:\/\/religionstars.com\/it\/wp-json\/wp\/v2\/pays?post=37966"},{"taxonomy":"religion","embeddable":true,"href":"https:\/\/religionstars.com\/it\/wp-json\/wp\/v2\/religion?post=37966"},{"taxonomy":"type-celebrite","embeddable":true,"href":"https:\/\/religionstars.com\/it\/wp-json\/wp\/v2\/type-celebrite?post=37966"}],"curies":[{"name":"wp","href":"https:\/\/api.w.org\/{rel}","templated":true}]}}

Alfred Wegener è nato in Germania ed è principalmente conosciuto per la sua teoria della deriva dei continenti. È stato cresciuto in una famiglia protestante, ma non ci sono dichiarazioni precise sulla sua pratica religiosa.

<!-- This site is optimized with the Yoast SEO plugin v27.5 - https://yoast.com/product/yoast-seo-wordpress/ -->
<title>Religione di Alfred Wegener</title>
<meta name="description" content="Scopri la religione di Alfred Wegener. Informazioni sulle credenze religiose di questa celebrità su ReligionStars." />
<meta name="robots" content="index, follow, max-snippet:-1, max-image-preview:large, max-video-preview:-1" />
<link rel="canonical" href="https://religionstars.com/it/star/alfred-wegener/" />
<meta property="og:locale" content="it_IT" />
<meta property="og:type" content="article" />
<meta property="og:title" content="Religione di Alfred Wegener" />
<meta property="og:description" content="Scopri la religione di Alfred Wegener. Informazioni sulle credenze religiose di questa celebrità su ReligionStars." />
<meta property="og:url" content="https://religionstars.com/it/star/alfred-wegener/" />
<meta property="og:site_name" content="Religion Stars" />
<meta name="twitter:card" content="summary_large_image" />
<script type="application/ld+json" class="yoast-schema-graph">{"@context":"https:\/\/schema.org","@graph":[{"@type":"WebPage","@id":"https:\/\/religionstars.com\/it\/star\/alfred-wegener\/","url":"https:\/\/religionstars.com\/it\/star\/alfred-wegener\/","name":"Religione di Alfred Wegener","isPartOf":{"@id":"https:\/\/religionstars.com\/it\/#website"},"datePublished":"2026-01-12T20:24:24+00:00","description":"Scopri la religione di Alfred Wegener. Informazioni sulle credenze religiose di questa celebrità su ReligionStars.","breadcrumb":{"@id":"https:\/\/religionstars.com\/it\/star\/alfred-wegener\/#breadcrumb"},"inLanguage":"it-IT","potentialAction":[{"@type":"ReadAction","target":["https:\/\/religionstars.com\/it\/star\/alfred-wegener\/"]}]},{"@type":"BreadcrumbList","@id":"https:\/\/religionstars.com\/it\/star\/alfred-wegener\/#breadcrumb","itemListElement":[{"@type":"ListItem","position":1,"name":"Home","item":"https:\/\/religionstars.com\/it\/homepage\/"},{"@type":"ListItem","position":2,"name":"Celebrità","item":"https:\/\/religionstars.com\/it\/star\/"},{"@type":"ListItem","position":3,"name":"Alfred Wegener"}]},{"@type":"WebSite","@id":"https:\/\/religionstars.com\/it\/#website","url":"https:\/\/religionstars.com\/it\/","name":"Religion Stars","description":"The faith and beliefs of famous people","publisher":{"@id":"https:\/\/religionstars.com\/it\/#organization"},"potentialAction":[{"@type":"SearchAction","target":{"@type":"EntryPoint","urlTemplate":"https:\/\/religionstars.com\/it\/?s={search_term_string}"},"query-input":{"@type":"PropertyValueSpecification","valueRequired":true,"valueName":"search_term_string"}}],"inLanguage":"it-IT"},{"@type":"Organization","@id":"https:\/\/religionstars.com\/it\/#organization","name":"Religion Stars","url":"https:\/\/religionstars.com\/it\/","logo":{"@type":"ImageObject","inLanguage":"it-IT","@id":"https:\/\/religionstars.com\/it\/#\/schema\/logo\/image\/","url":"https:\/\/religionstars.com\/wp-content\/uploads\/2025\/07\/cropped-Logo-Favicon-fond-clair.png","contentUrl":"https:\/\/religionstars.com\/wp-content\/uploads\/2025\/07\/cropped-Logo-Favicon-fond-clair.png","width":512,"height":276,"caption":"Religion Stars"},"image":{"@id":"https:\/\/religionstars.com\/it\/#\/schema\/logo\/image\/"}}]}</script>
<!-- / Yoast SEO plugin. -->

Scopri la religione di Alfred Wegener. Informazioni sulle credenze religiose di questa celebrità su ReligionStars.

Celebrità
