{"id":34492,"date":"2026-01-15T14:30:08","date_gmt":"2026-01-15T12:30:08","guid":{"rendered":"https:\/\/religionstars.com\/star\/gerhard-schroder\/"},"modified":"2026-01-15T14:30:08","modified_gmt":"2026-01-15T12:30:08","slug":"gerhard-schroder","status":"publish","type":"star","link":"https:\/\/religionstars.com\/it\/star\/gerhard-schroder\/","title":{"rendered":"Gerhard Schr\u00f6der"},"content":{"rendered":"","protected":false},"excerpt":{"rendered":"","protected":false},"featured_media":0,"template":"","meta":{"_acf_changed":false,"_kad_blocks_custom_css":"","_kad_blocks_head_custom_js":"","_kad_blocks_body_custom_js":"","_kad_blocks_footer_custom_js":"","_kadence_starter_templates_imported_post":false,"_kad_post_transparent":"","_kad_post_title":"","_kad_post_layout":"","_kad_post_sidebar_id":"","_kad_post_content_style":"","_kad_post_vertical_padding":"","_kad_post_feature":"","_kad_post_feature_position":"","_kad_post_header":false,"_kad_post_footer":false,"_kad_post_classname":""},"pays":[739],"religion":[486],"type-celebrite":[612],"class_list":["post-34492","star","type-star","status-publish","hentry","pays-germania","religion-non-specificato","type-celebrite-politica"],"acf":{"statut_confirmation":"non_confirme","justification":"Gerhard Schr\u00f6der, ex cancelliere tedesco, \u00e8 nato in Germania ed \u00e8 stato cresciuto in una famiglia che non ha posto l'accento sulla religione. Bench\u00e9 sia stato battezzato protestante, ha spesso espresso opinioni agnostiche e non si identifica fermamente con una religione specifica."},"yoast_head":"<!-- This site is optimized with the Yoast SEO plugin v27.5 - https:\/\/yoast.com\/product\/yoast-seo-wordpress\/ -->\n<title>Religione di Gerhard Schr\u00f6der<\/title>\n<meta name=\"description\" content=\"Scopri la religione di Gerhard Schr\u00f6der. Informazioni sulle credenze religiose di questa celebrit\u00e0 su ReligionStars.\" \/>\n<meta name=\"robots\" content=\"index, follow, max-snippet:-1, max-image-preview:large, max-video-preview:-1\" \/>\n<link rel=\"canonical\" href=\"https:\/\/religionstars.com\/it\/star\/gerhard-schroder\/\" \/>\n<meta property=\"og:locale\" content=\"it_IT\" \/>\n<meta property=\"og:type\" content=\"article\" \/>\n<meta property=\"og:title\" content=\"Religione di Gerhard Schr\u00f6der\" \/>\n<meta property=\"og:description\" content=\"Scopri la religione di Gerhard Schr\u00f6der. Informazioni sulle credenze religiose di questa celebrit\u00e0 su ReligionStars.\" \/>\n<meta property=\"og:url\" content=\"https:\/\/religionstars.com\/it\/star\/gerhard-schroder\/\" \/>\n<meta property=\"og:site_name\" content=\"Religion Stars\" \/>\n<meta name=\"twitter:card\" content=\"summary_large_image\" \/>\n<script type=\"application\/ld+json\" class=\"yoast-schema-graph\">{\"@context\":\"https:\\\/\\\/schema.org\",\"@graph\":[{\"@type\":\"WebPage\",\"@id\":\"https:\\\/\\\/religionstars.com\\\/it\\\/star\\\/gerhard-schroder\\\/\",\"url\":\"https:\\\/\\\/religionstars.com\\\/it\\\/star\\\/gerhard-schroder\\\/\",\"name\":\"Religione di Gerhard Schr\u00f6der\",\"isPartOf\":{\"@id\":\"https:\\\/\\\/religionstars.com\\\/it\\\/#website\"},\"datePublished\":\"2026-01-15T12:30:08+00:00\",\"description\":\"Scopri la religione di Gerhard Schr\u00f6der. Informazioni sulle credenze religiose di questa celebrit\u00e0 su ReligionStars.\",\"breadcrumb\":{\"@id\":\"https:\\\/\\\/religionstars.com\\\/it\\\/star\\\/gerhard-schroder\\\/#breadcrumb\"},\"inLanguage\":\"it-IT\",\"potentialAction\":[{\"@type\":\"ReadAction\",\"target\":[\"https:\\\/\\\/religionstars.com\\\/it\\\/star\\\/gerhard-schroder\\\/\"]}]},{\"@type\":\"BreadcrumbList\",\"@id\":\"https:\\\/\\\/religionstars.com\\\/it\\\/star\\\/gerhard-schroder\\\/#breadcrumb\",\"itemListElement\":[{\"@type\":\"ListItem\",\"position\":1,\"name\":\"Home\",\"item\":\"https:\\\/\\\/religionstars.com\\\/it\\\/homepage\\\/\"},{\"@type\":\"ListItem\",\"position\":2,\"name\":\"Celebrit\u00e0\",\"item\":\"https:\\\/\\\/religionstars.com\\\/it\\\/star\\\/\"},{\"@type\":\"ListItem\",\"position\":3,\"name\":\"Gerhard Schr\u00f6der\"}]},{\"@type\":\"WebSite\",\"@id\":\"https:\\\/\\\/religionstars.com\\\/it\\\/#website\",\"url\":\"https:\\\/\\\/religionstars.com\\\/it\\\/\",\"name\":\"Religion Stars\",\"description\":\"The faith and beliefs of famous people\",\"publisher\":{\"@id\":\"https:\\\/\\\/religionstars.com\\\/it\\\/#organization\"},\"potentialAction\":[{\"@type\":\"SearchAction\",\"target\":{\"@type\":\"EntryPoint\",\"urlTemplate\":\"https:\\\/\\\/religionstars.com\\\/it\\\/?s={search_term_string}\"},\"query-input\":{\"@type\":\"PropertyValueSpecification\",\"valueRequired\":true,\"valueName\":\"search_term_string\"}}],\"inLanguage\":\"it-IT\"},{\"@type\":\"Organization\",\"@id\":\"https:\\\/\\\/religionstars.com\\\/it\\\/#organization\",\"name\":\"Religion Stars\",\"url\":\"https:\\\/\\\/religionstars.com\\\/it\\\/\",\"logo\":{\"@type\":\"ImageObject\",\"inLanguage\":\"it-IT\",\"@id\":\"https:\\\/\\\/religionstars.com\\\/it\\\/#\\\/schema\\\/logo\\\/image\\\/\",\"url\":\"https:\\\/\\\/religionstars.com\\\/wp-content\\\/uploads\\\/2025\\\/07\\\/cropped-Logo-Favicon-fond-clair.png\",\"contentUrl\":\"https:\\\/\\\/religionstars.com\\\/wp-content\\\/uploads\\\/2025\\\/07\\\/cropped-Logo-Favicon-fond-clair.png\",\"width\":512,\"height\":276,\"caption\":\"Religion Stars\"},\"image\":{\"@id\":\"https:\\\/\\\/religionstars.com\\\/it\\\/#\\\/schema\\\/logo\\\/image\\\/\"}}]}<\/script>\n<!-- \/ Yoast SEO plugin. -->","yoast_head_json":{"title":"Religione di Gerhard Schr\u00f6der","description":"Scopri la religione di Gerhard Schr\u00f6der. Informazioni sulle credenze religiose di questa celebrit\u00e0 su ReligionStars.","robots":{"index":"index","follow":"follow","max-snippet":"max-snippet:-1","max-image-preview":"max-image-preview:large","max-video-preview":"max-video-preview:-1"},"canonical":"https:\/\/religionstars.com\/it\/star\/gerhard-schroder\/","og_locale":"it_IT","og_type":"article","og_title":"Religione di Gerhard Schr\u00f6der","og_description":"Scopri la religione di Gerhard Schr\u00f6der. Informazioni sulle credenze religiose di questa celebrit\u00e0 su ReligionStars.","og_url":"https:\/\/religionstars.com\/it\/star\/gerhard-schroder\/","og_site_name":"Religion Stars","twitter_card":"summary_large_image","schema":{"@context":"https:\/\/schema.org","@graph":[{"@type":"WebPage","@id":"https:\/\/religionstars.com\/it\/star\/gerhard-schroder\/","url":"https:\/\/religionstars.com\/it\/star\/gerhard-schroder\/","name":"Religione di Gerhard Schr\u00f6der","isPartOf":{"@id":"https:\/\/religionstars.com\/it\/#website"},"datePublished":"2026-01-15T12:30:08+00:00","description":"Scopri la religione di Gerhard Schr\u00f6der. Informazioni sulle credenze religiose di questa celebrit\u00e0 su ReligionStars.","breadcrumb":{"@id":"https:\/\/religionstars.com\/it\/star\/gerhard-schroder\/#breadcrumb"},"inLanguage":"it-IT","potentialAction":[{"@type":"ReadAction","target":["https:\/\/religionstars.com\/it\/star\/gerhard-schroder\/"]}]},{"@type":"BreadcrumbList","@id":"https:\/\/religionstars.com\/it\/star\/gerhard-schroder\/#breadcrumb","itemListElement":[{"@type":"ListItem","position":1,"name":"Home","item":"https:\/\/religionstars.com\/it\/homepage\/"},{"@type":"ListItem","position":2,"name":"Celebrit\u00e0","item":"https:\/\/religionstars.com\/it\/star\/"},{"@type":"ListItem","position":3,"name":"Gerhard Schr\u00f6der"}]},{"@type":"WebSite","@id":"https:\/\/religionstars.com\/it\/#website","url":"https:\/\/religionstars.com\/it\/","name":"Religion Stars","description":"The faith and beliefs of famous people","publisher":{"@id":"https:\/\/religionstars.com\/it\/#organization"},"potentialAction":[{"@type":"SearchAction","target":{"@type":"EntryPoint","urlTemplate":"https:\/\/religionstars.com\/it\/?s={search_term_string}"},"query-input":{"@type":"PropertyValueSpecification","valueRequired":true,"valueName":"search_term_string"}}],"inLanguage":"it-IT"},{"@type":"Organization","@id":"https:\/\/religionstars.com\/it\/#organization","name":"Religion Stars","url":"https:\/\/religionstars.com\/it\/","logo":{"@type":"ImageObject","inLanguage":"it-IT","@id":"https:\/\/religionstars.com\/it\/#\/schema\/logo\/image\/","url":"https:\/\/religionstars.com\/wp-content\/uploads\/2025\/07\/cropped-Logo-Favicon-fond-clair.png","contentUrl":"https:\/\/religionstars.com\/wp-content\/uploads\/2025\/07\/cropped-Logo-Favicon-fond-clair.png","width":512,"height":276,"caption":"Religion Stars"},"image":{"@id":"https:\/\/religionstars.com\/it\/#\/schema\/logo\/image\/"}}]}},"taxonomy_info":{"pays":[{"value":739,"label":"Germania"}],"religion":[{"value":486,"label":"Non specificato"}],"type-celebrite":[{"value":612,"label":"Politica"}]},"featured_image_src_large":false,"author_info":[],"comment_info":"","_links":{"self":[{"href":"https:\/\/religionstars.com\/it\/wp-json\/wp\/v2\/stars\/34492","targetHints":{"allow":["GET"]}}],"collection":[{"href":"https:\/\/religionstars.com\/it\/wp-json\/wp\/v2\/stars"}],"about":[{"href":"https:\/\/religionstars.com\/it\/wp-json\/wp\/v2\/types\/star"}],"wp:attachment":[{"href":"https:\/\/religionstars.com\/it\/wp-json\/wp\/v2\/media?parent=34492"}],"wp:term":[{"taxonomy":"pays","embeddable":true,"href":"https:\/\/religionstars.com\/it\/wp-json\/wp\/v2\/pays?post=34492"},{"taxonomy":"religion","embeddable":true,"href":"https:\/\/religionstars.com\/it\/wp-json\/wp\/v2\/religion?post=34492"},{"taxonomy":"type-celebrite","embeddable":true,"href":"https:\/\/religionstars.com\/it\/wp-json\/wp\/v2\/type-celebrite?post=34492"}],"curies":[{"name":"wp","href":"https:\/\/api.w.org\/{rel}","templated":true}]}}

Gerhard Schröder

Gerhard Schröder, ex cancelliere tedesco, è nato in Germania ed è stato cresciuto in una famiglia che non ha posto l'accento sulla religione. Benché sia stato battezzato protestante, ha spesso espresso opinioni agnostiche e non si identifica fermamente con una religione specifica.

<!-- This site is optimized with the Yoast SEO plugin v27.5 - https://yoast.com/product/yoast-seo-wordpress/ -->
<title>Religione di Gerhard Schröder</title>
<meta name="description" content="Scopri la religione di Gerhard Schröder. Informazioni sulle credenze religiose di questa celebrità su ReligionStars." />
<meta name="robots" content="index, follow, max-snippet:-1, max-image-preview:large, max-video-preview:-1" />
<link rel="canonical" href="https://religionstars.com/it/star/gerhard-schroder/" />
<meta property="og:locale" content="it_IT" />
<meta property="og:type" content="article" />
<meta property="og:title" content="Religione di Gerhard Schröder" />
<meta property="og:description" content="Scopri la religione di Gerhard Schröder. Informazioni sulle credenze religiose di questa celebrità su ReligionStars." />
<meta property="og:url" content="https://religionstars.com/it/star/gerhard-schroder/" />
<meta property="og:site_name" content="Religion Stars" />
<meta name="twitter:card" content="summary_large_image" />
<script type="application/ld+json" class="yoast-schema-graph">{"@context":"https:\/\/schema.org","@graph":[{"@type":"WebPage","@id":"https:\/\/religionstars.com\/it\/star\/gerhard-schroder\/","url":"https:\/\/religionstars.com\/it\/star\/gerhard-schroder\/","name":"Religione di Gerhard Schröder","isPartOf":{"@id":"https:\/\/religionstars.com\/it\/#website"},"datePublished":"2026-01-15T12:30:08+00:00","description":"Scopri la religione di Gerhard Schröder. Informazioni sulle credenze religiose di questa celebrità su ReligionStars.","breadcrumb":{"@id":"https:\/\/religionstars.com\/it\/star\/gerhard-schroder\/#breadcrumb"},"inLanguage":"it-IT","potentialAction":[{"@type":"ReadAction","target":["https:\/\/religionstars.com\/it\/star\/gerhard-schroder\/"]}]},{"@type":"BreadcrumbList","@id":"https:\/\/religionstars.com\/it\/star\/gerhard-schroder\/#breadcrumb","itemListElement":[{"@type":"ListItem","position":1,"name":"Home","item":"https:\/\/religionstars.com\/it\/homepage\/"},{"@type":"ListItem","position":2,"name":"Celebrità","item":"https:\/\/religionstars.com\/it\/star\/"},{"@type":"ListItem","position":3,"name":"Gerhard Schröder"}]},{"@type":"WebSite","@id":"https:\/\/religionstars.com\/it\/#website","url":"https:\/\/religionstars.com\/it\/","name":"Religion Stars","description":"The faith and beliefs of famous people","publisher":{"@id":"https:\/\/religionstars.com\/it\/#organization"},"potentialAction":[{"@type":"SearchAction","target":{"@type":"EntryPoint","urlTemplate":"https:\/\/religionstars.com\/it\/?s={search_term_string}"},"query-input":{"@type":"PropertyValueSpecification","valueRequired":true,"valueName":"search_term_string"}}],"inLanguage":"it-IT"},{"@type":"Organization","@id":"https:\/\/religionstars.com\/it\/#organization","name":"Religion Stars","url":"https:\/\/religionstars.com\/it\/","logo":{"@type":"ImageObject","inLanguage":"it-IT","@id":"https:\/\/religionstars.com\/it\/#\/schema\/logo\/image\/","url":"https:\/\/religionstars.com\/wp-content\/uploads\/2025\/07\/cropped-Logo-Favicon-fond-clair.png","contentUrl":"https:\/\/religionstars.com\/wp-content\/uploads\/2025\/07\/cropped-Logo-Favicon-fond-clair.png","width":512,"height":276,"caption":"Religion Stars"},"image":{"@id":"https:\/\/religionstars.com\/it\/#\/schema\/logo\/image\/"}}]}</script>
<!-- / Yoast SEO plugin. -->

Religione di Gerhard Schröder

Scopri la religione di Gerhard Schröder. Informazioni sulle credenze religiose di questa celebrità su ReligionStars.

Celebrità
