{"id":34266,"date":"2026-01-15T15:23:42","date_gmt":"2026-01-15T13:23:42","guid":{"rendered":"https:\/\/religionstars.com\/star\/gustav-iv-adolf\/"},"modified":"2026-01-15T15:23:42","modified_gmt":"2026-01-15T13:23:42","slug":"gustav-iv-adolf","status":"publish","type":"star","link":"https:\/\/religionstars.com\/it\/star\/gustav-iv-adolf\/","title":{"rendered":"Gustav IV Adolf"},"content":{"rendered":"","protected":false},"excerpt":{"rendered":"","protected":false},"featured_media":0,"template":"","meta":{"_acf_changed":false,"_kad_blocks_custom_css":"","_kad_blocks_head_custom_js":"","_kad_blocks_body_custom_js":"","_kad_blocks_footer_custom_js":"","_kadence_starter_templates_imported_post":false,"_kad_post_transparent":"","_kad_post_title":"","_kad_post_layout":"","_kad_post_sidebar_id":"","_kad_post_content_style":"","_kad_post_vertical_padding":"","_kad_post_feature":"","_kad_post_feature_position":"","_kad_post_header":false,"_kad_post_footer":false,"_kad_post_classname":""},"pays":[641],"religion":[486],"type-celebrite":[612],"class_list":["post-34266","star","type-star","status-publish","hentry","pays-svezia","religion-non-specificato","type-celebrite-politica"],"acf":{"statut_confirmation":"non_confirme","justification":"Gustavo IV Adolfo era il re di Svezia dal 1792 al 1809. La sua origine familiare \u00e8 legata alla casa di Wittelsbach, ed \u00e8 nato in Svezia. Tuttavia, non ci sono prove chiare riguardo alla sua pratica religiosa personale, bench\u00e9 sia stato cresciuto nel quadro della Chiesa luterana, che \u00e8 la religione di Stato in Svezia."},"yoast_head":"<!-- This site is optimized with the Yoast SEO plugin v27.5 - https:\/\/yoast.com\/product\/yoast-seo-wordpress\/ -->\n<title>Religione di Gustav IV Adolf<\/title>\n<meta name=\"description\" content=\"Scopri la religione di Gustav IV Adolf. Informazioni sulle credenze religiose di questa celebrit\u00e0 su ReligionStars.\" \/>\n<meta name=\"robots\" content=\"index, follow, max-snippet:-1, max-image-preview:large, max-video-preview:-1\" \/>\n<link rel=\"canonical\" href=\"https:\/\/religionstars.com\/it\/star\/gustav-iv-adolf\/\" \/>\n<meta property=\"og:locale\" content=\"it_IT\" \/>\n<meta property=\"og:type\" content=\"article\" \/>\n<meta property=\"og:title\" content=\"Religione di Gustav IV Adolf\" \/>\n<meta property=\"og:description\" content=\"Scopri la religione di Gustav IV Adolf. Informazioni sulle credenze religiose di questa celebrit\u00e0 su ReligionStars.\" \/>\n<meta property=\"og:url\" content=\"https:\/\/religionstars.com\/it\/star\/gustav-iv-adolf\/\" \/>\n<meta property=\"og:site_name\" content=\"Religion Stars\" \/>\n<meta name=\"twitter:card\" content=\"summary_large_image\" \/>\n<script type=\"application\/ld+json\" class=\"yoast-schema-graph\">{\"@context\":\"https:\\\/\\\/schema.org\",\"@graph\":[{\"@type\":\"WebPage\",\"@id\":\"https:\\\/\\\/religionstars.com\\\/it\\\/star\\\/gustav-iv-adolf\\\/\",\"url\":\"https:\\\/\\\/religionstars.com\\\/it\\\/star\\\/gustav-iv-adolf\\\/\",\"name\":\"Religione di Gustav IV Adolf\",\"isPartOf\":{\"@id\":\"https:\\\/\\\/religionstars.com\\\/it\\\/#website\"},\"datePublished\":\"2026-01-15T13:23:42+00:00\",\"description\":\"Scopri la religione di Gustav IV Adolf. Informazioni sulle credenze religiose di questa celebrit\u00e0 su ReligionStars.\",\"breadcrumb\":{\"@id\":\"https:\\\/\\\/religionstars.com\\\/it\\\/star\\\/gustav-iv-adolf\\\/#breadcrumb\"},\"inLanguage\":\"it-IT\",\"potentialAction\":[{\"@type\":\"ReadAction\",\"target\":[\"https:\\\/\\\/religionstars.com\\\/it\\\/star\\\/gustav-iv-adolf\\\/\"]}]},{\"@type\":\"BreadcrumbList\",\"@id\":\"https:\\\/\\\/religionstars.com\\\/it\\\/star\\\/gustav-iv-adolf\\\/#breadcrumb\",\"itemListElement\":[{\"@type\":\"ListItem\",\"position\":1,\"name\":\"Home\",\"item\":\"https:\\\/\\\/religionstars.com\\\/it\\\/homepage\\\/\"},{\"@type\":\"ListItem\",\"position\":2,\"name\":\"Celebrit\u00e0\",\"item\":\"https:\\\/\\\/religionstars.com\\\/it\\\/star\\\/\"},{\"@type\":\"ListItem\",\"position\":3,\"name\":\"Gustav IV Adolf\"}]},{\"@type\":\"WebSite\",\"@id\":\"https:\\\/\\\/religionstars.com\\\/it\\\/#website\",\"url\":\"https:\\\/\\\/religionstars.com\\\/it\\\/\",\"name\":\"Religion Stars\",\"description\":\"The faith and beliefs of famous people\",\"publisher\":{\"@id\":\"https:\\\/\\\/religionstars.com\\\/it\\\/#organization\"},\"potentialAction\":[{\"@type\":\"SearchAction\",\"target\":{\"@type\":\"EntryPoint\",\"urlTemplate\":\"https:\\\/\\\/religionstars.com\\\/it\\\/?s={search_term_string}\"},\"query-input\":{\"@type\":\"PropertyValueSpecification\",\"valueRequired\":true,\"valueName\":\"search_term_string\"}}],\"inLanguage\":\"it-IT\"},{\"@type\":\"Organization\",\"@id\":\"https:\\\/\\\/religionstars.com\\\/it\\\/#organization\",\"name\":\"Religion Stars\",\"url\":\"https:\\\/\\\/religionstars.com\\\/it\\\/\",\"logo\":{\"@type\":\"ImageObject\",\"inLanguage\":\"it-IT\",\"@id\":\"https:\\\/\\\/religionstars.com\\\/it\\\/#\\\/schema\\\/logo\\\/image\\\/\",\"url\":\"https:\\\/\\\/religionstars.com\\\/wp-content\\\/uploads\\\/2025\\\/07\\\/cropped-Logo-Favicon-fond-clair.png\",\"contentUrl\":\"https:\\\/\\\/religionstars.com\\\/wp-content\\\/uploads\\\/2025\\\/07\\\/cropped-Logo-Favicon-fond-clair.png\",\"width\":512,\"height\":276,\"caption\":\"Religion Stars\"},\"image\":{\"@id\":\"https:\\\/\\\/religionstars.com\\\/it\\\/#\\\/schema\\\/logo\\\/image\\\/\"}}]}<\/script>\n<!-- \/ Yoast SEO plugin. -->","yoast_head_json":{"title":"Religione di Gustav IV Adolf","description":"Scopri la religione di Gustav IV Adolf. Informazioni sulle credenze religiose di questa celebrit\u00e0 su ReligionStars.","robots":{"index":"index","follow":"follow","max-snippet":"max-snippet:-1","max-image-preview":"max-image-preview:large","max-video-preview":"max-video-preview:-1"},"canonical":"https:\/\/religionstars.com\/it\/star\/gustav-iv-adolf\/","og_locale":"it_IT","og_type":"article","og_title":"Religione di Gustav IV Adolf","og_description":"Scopri la religione di Gustav IV Adolf. Informazioni sulle credenze religiose di questa celebrit\u00e0 su ReligionStars.","og_url":"https:\/\/religionstars.com\/it\/star\/gustav-iv-adolf\/","og_site_name":"Religion Stars","twitter_card":"summary_large_image","schema":{"@context":"https:\/\/schema.org","@graph":[{"@type":"WebPage","@id":"https:\/\/religionstars.com\/it\/star\/gustav-iv-adolf\/","url":"https:\/\/religionstars.com\/it\/star\/gustav-iv-adolf\/","name":"Religione di Gustav IV Adolf","isPartOf":{"@id":"https:\/\/religionstars.com\/it\/#website"},"datePublished":"2026-01-15T13:23:42+00:00","description":"Scopri la religione di Gustav IV Adolf. Informazioni sulle credenze religiose di questa celebrit\u00e0 su ReligionStars.","breadcrumb":{"@id":"https:\/\/religionstars.com\/it\/star\/gustav-iv-adolf\/#breadcrumb"},"inLanguage":"it-IT","potentialAction":[{"@type":"ReadAction","target":["https:\/\/religionstars.com\/it\/star\/gustav-iv-adolf\/"]}]},{"@type":"BreadcrumbList","@id":"https:\/\/religionstars.com\/it\/star\/gustav-iv-adolf\/#breadcrumb","itemListElement":[{"@type":"ListItem","position":1,"name":"Home","item":"https:\/\/religionstars.com\/it\/homepage\/"},{"@type":"ListItem","position":2,"name":"Celebrit\u00e0","item":"https:\/\/religionstars.com\/it\/star\/"},{"@type":"ListItem","position":3,"name":"Gustav IV Adolf"}]},{"@type":"WebSite","@id":"https:\/\/religionstars.com\/it\/#website","url":"https:\/\/religionstars.com\/it\/","name":"Religion Stars","description":"The faith and beliefs of famous people","publisher":{"@id":"https:\/\/religionstars.com\/it\/#organization"},"potentialAction":[{"@type":"SearchAction","target":{"@type":"EntryPoint","urlTemplate":"https:\/\/religionstars.com\/it\/?s={search_term_string}"},"query-input":{"@type":"PropertyValueSpecification","valueRequired":true,"valueName":"search_term_string"}}],"inLanguage":"it-IT"},{"@type":"Organization","@id":"https:\/\/religionstars.com\/it\/#organization","name":"Religion Stars","url":"https:\/\/religionstars.com\/it\/","logo":{"@type":"ImageObject","inLanguage":"it-IT","@id":"https:\/\/religionstars.com\/it\/#\/schema\/logo\/image\/","url":"https:\/\/religionstars.com\/wp-content\/uploads\/2025\/07\/cropped-Logo-Favicon-fond-clair.png","contentUrl":"https:\/\/religionstars.com\/wp-content\/uploads\/2025\/07\/cropped-Logo-Favicon-fond-clair.png","width":512,"height":276,"caption":"Religion Stars"},"image":{"@id":"https:\/\/religionstars.com\/it\/#\/schema\/logo\/image\/"}}]}},"taxonomy_info":{"pays":[{"value":641,"label":"Svezia"}],"religion":[{"value":486,"label":"Non specificato"}],"type-celebrite":[{"value":612,"label":"Politica"}]},"featured_image_src_large":false,"author_info":[],"comment_info":"","_links":{"self":[{"href":"https:\/\/religionstars.com\/it\/wp-json\/wp\/v2\/stars\/34266","targetHints":{"allow":["GET"]}}],"collection":[{"href":"https:\/\/religionstars.com\/it\/wp-json\/wp\/v2\/stars"}],"about":[{"href":"https:\/\/religionstars.com\/it\/wp-json\/wp\/v2\/types\/star"}],"wp:attachment":[{"href":"https:\/\/religionstars.com\/it\/wp-json\/wp\/v2\/media?parent=34266"}],"wp:term":[{"taxonomy":"pays","embeddable":true,"href":"https:\/\/religionstars.com\/it\/wp-json\/wp\/v2\/pays?post=34266"},{"taxonomy":"religion","embeddable":true,"href":"https:\/\/religionstars.com\/it\/wp-json\/wp\/v2\/religion?post=34266"},{"taxonomy":"type-celebrite","embeddable":true,"href":"https:\/\/religionstars.com\/it\/wp-json\/wp\/v2\/type-celebrite?post=34266"}],"curies":[{"name":"wp","href":"https:\/\/api.w.org\/{rel}","templated":true}]}}

Gustavo IV Adolfo era il re di Svezia dal 1792 al 1809. La sua origine familiare è legata alla casa di Wittelsbach, ed è nato in Svezia. Tuttavia, non ci sono prove chiare riguardo alla sua pratica religiosa personale, benché sia stato cresciuto nel quadro della Chiesa luterana, che è la religione di Stato in Svezia.

<!-- This site is optimized with the Yoast SEO plugin v27.5 - https://yoast.com/product/yoast-seo-wordpress/ -->
<title>Religione di Gustav IV Adolf</title>
<meta name="description" content="Scopri la religione di Gustav IV Adolf. Informazioni sulle credenze religiose di questa celebrità su ReligionStars." />
<meta name="robots" content="index, follow, max-snippet:-1, max-image-preview:large, max-video-preview:-1" />
<link rel="canonical" href="https://religionstars.com/it/star/gustav-iv-adolf/" />
<meta property="og:locale" content="it_IT" />
<meta property="og:type" content="article" />
<meta property="og:title" content="Religione di Gustav IV Adolf" />
<meta property="og:description" content="Scopri la religione di Gustav IV Adolf. Informazioni sulle credenze religiose di questa celebrità su ReligionStars." />
<meta property="og:url" content="https://religionstars.com/it/star/gustav-iv-adolf/" />
<meta property="og:site_name" content="Religion Stars" />
<meta name="twitter:card" content="summary_large_image" />
<script type="application/ld+json" class="yoast-schema-graph">{"@context":"https:\/\/schema.org","@graph":[{"@type":"WebPage","@id":"https:\/\/religionstars.com\/it\/star\/gustav-iv-adolf\/","url":"https:\/\/religionstars.com\/it\/star\/gustav-iv-adolf\/","name":"Religione di Gustav IV Adolf","isPartOf":{"@id":"https:\/\/religionstars.com\/it\/#website"},"datePublished":"2026-01-15T13:23:42+00:00","description":"Scopri la religione di Gustav IV Adolf. Informazioni sulle credenze religiose di questa celebrità su ReligionStars.","breadcrumb":{"@id":"https:\/\/religionstars.com\/it\/star\/gustav-iv-adolf\/#breadcrumb"},"inLanguage":"it-IT","potentialAction":[{"@type":"ReadAction","target":["https:\/\/religionstars.com\/it\/star\/gustav-iv-adolf\/"]}]},{"@type":"BreadcrumbList","@id":"https:\/\/religionstars.com\/it\/star\/gustav-iv-adolf\/#breadcrumb","itemListElement":[{"@type":"ListItem","position":1,"name":"Home","item":"https:\/\/religionstars.com\/it\/homepage\/"},{"@type":"ListItem","position":2,"name":"Celebrità","item":"https:\/\/religionstars.com\/it\/star\/"},{"@type":"ListItem","position":3,"name":"Gustav IV Adolf"}]},{"@type":"WebSite","@id":"https:\/\/religionstars.com\/it\/#website","url":"https:\/\/religionstars.com\/it\/","name":"Religion Stars","description":"The faith and beliefs of famous people","publisher":{"@id":"https:\/\/religionstars.com\/it\/#organization"},"potentialAction":[{"@type":"SearchAction","target":{"@type":"EntryPoint","urlTemplate":"https:\/\/religionstars.com\/it\/?s={search_term_string}"},"query-input":{"@type":"PropertyValueSpecification","valueRequired":true,"valueName":"search_term_string"}}],"inLanguage":"it-IT"},{"@type":"Organization","@id":"https:\/\/religionstars.com\/it\/#organization","name":"Religion Stars","url":"https:\/\/religionstars.com\/it\/","logo":{"@type":"ImageObject","inLanguage":"it-IT","@id":"https:\/\/religionstars.com\/it\/#\/schema\/logo\/image\/","url":"https:\/\/religionstars.com\/wp-content\/uploads\/2025\/07\/cropped-Logo-Favicon-fond-clair.png","contentUrl":"https:\/\/religionstars.com\/wp-content\/uploads\/2025\/07\/cropped-Logo-Favicon-fond-clair.png","width":512,"height":276,"caption":"Religion Stars"},"image":{"@id":"https:\/\/religionstars.com\/it\/#\/schema\/logo\/image\/"}}]}</script>
<!-- / Yoast SEO plugin. -->

Scopri la religione di Gustav IV Adolf. Informazioni sulle credenze religiose di questa celebrità su ReligionStars.

Celebrità
