{"id":33250,"date":"2026-01-15T18:55:43","date_gmt":"2026-01-15T16:55:43","guid":{"rendered":"https:\/\/religionstars.com\/star\/jean-sibelius\/"},"modified":"2026-01-15T18:55:43","modified_gmt":"2026-01-15T16:55:43","slug":"jean-sibelius","status":"publish","type":"star","link":"https:\/\/religionstars.com\/it\/star\/jean-sibelius\/","title":{"rendered":"Jean Sibelius"},"content":{"rendered":"","protected":false},"excerpt":{"rendered":"","protected":false},"featured_media":0,"template":"","meta":{"_acf_changed":false,"_kad_blocks_custom_css":"","_kad_blocks_head_custom_js":"","_kad_blocks_body_custom_js":"","_kad_blocks_footer_custom_js":"","_kadence_starter_templates_imported_post":false,"_kad_post_transparent":"","_kad_post_title":"","_kad_post_layout":"","_kad_post_sidebar_id":"","_kad_post_content_style":"","_kad_post_vertical_padding":"","_kad_post_feature":"","_kad_post_feature_position":"","_kad_post_header":false,"_kad_post_footer":false,"_kad_post_classname":""},"pays":[1164],"religion":[486],"type-celebrite":[487],"class_list":["post-33250","star","type-star","status-publish","hentry","pays-finlande","religion-non-specificato","type-celebrite-cantante"],"acf":{"statut_confirmation":"non_confirme","justification":"Jean Sibelius \u00e8 un cantante finlandese riconosciuto, nato ad H\u00e4meenlinna, in Finlandia, nel 1865. Bench\u00e9 sia stato cresciuto in un ambiente cristiano, non ha fatto dichiarazioni pubbliche chiare sulla sua fede, il che rende difficile determinare la sua religione esatta."},"yoast_head":"<!-- This site is optimized with the Yoast SEO plugin v27.5 - https:\/\/yoast.com\/product\/yoast-seo-wordpress\/ -->\n<title>Religione di Jean Sibelius<\/title>\n<meta name=\"description\" content=\"Scopri la religione di Jean Sibelius. Informazioni sulle credenze religiose di questa celebrit\u00e0 su ReligionStars.\" \/>\n<meta name=\"robots\" content=\"index, follow, max-snippet:-1, max-image-preview:large, max-video-preview:-1\" \/>\n<link rel=\"canonical\" href=\"https:\/\/religionstars.com\/it\/star\/jean-sibelius\/\" \/>\n<meta property=\"og:locale\" content=\"it_IT\" \/>\n<meta property=\"og:type\" content=\"article\" \/>\n<meta property=\"og:title\" content=\"Religione di Jean Sibelius\" \/>\n<meta property=\"og:description\" content=\"Scopri la religione di Jean Sibelius. Informazioni sulle credenze religiose di questa celebrit\u00e0 su ReligionStars.\" \/>\n<meta property=\"og:url\" content=\"https:\/\/religionstars.com\/it\/star\/jean-sibelius\/\" \/>\n<meta property=\"og:site_name\" content=\"Religion Stars\" \/>\n<meta name=\"twitter:card\" content=\"summary_large_image\" \/>\n<script type=\"application\/ld+json\" class=\"yoast-schema-graph\">{\"@context\":\"https:\\\/\\\/schema.org\",\"@graph\":[{\"@type\":\"WebPage\",\"@id\":\"https:\\\/\\\/religionstars.com\\\/it\\\/star\\\/jean-sibelius\\\/\",\"url\":\"https:\\\/\\\/religionstars.com\\\/it\\\/star\\\/jean-sibelius\\\/\",\"name\":\"Religione di Jean Sibelius\",\"isPartOf\":{\"@id\":\"https:\\\/\\\/religionstars.com\\\/it\\\/#website\"},\"datePublished\":\"2026-01-15T16:55:43+00:00\",\"description\":\"Scopri la religione di Jean Sibelius. Informazioni sulle credenze religiose di questa celebrit\u00e0 su ReligionStars.\",\"breadcrumb\":{\"@id\":\"https:\\\/\\\/religionstars.com\\\/it\\\/star\\\/jean-sibelius\\\/#breadcrumb\"},\"inLanguage\":\"it-IT\",\"potentialAction\":[{\"@type\":\"ReadAction\",\"target\":[\"https:\\\/\\\/religionstars.com\\\/it\\\/star\\\/jean-sibelius\\\/\"]}]},{\"@type\":\"BreadcrumbList\",\"@id\":\"https:\\\/\\\/religionstars.com\\\/it\\\/star\\\/jean-sibelius\\\/#breadcrumb\",\"itemListElement\":[{\"@type\":\"ListItem\",\"position\":1,\"name\":\"Home\",\"item\":\"https:\\\/\\\/religionstars.com\\\/it\\\/homepage\\\/\"},{\"@type\":\"ListItem\",\"position\":2,\"name\":\"Celebrit\u00e0\",\"item\":\"https:\\\/\\\/religionstars.com\\\/it\\\/star\\\/\"},{\"@type\":\"ListItem\",\"position\":3,\"name\":\"Jean Sibelius\"}]},{\"@type\":\"WebSite\",\"@id\":\"https:\\\/\\\/religionstars.com\\\/it\\\/#website\",\"url\":\"https:\\\/\\\/religionstars.com\\\/it\\\/\",\"name\":\"Religion Stars\",\"description\":\"The faith and beliefs of famous people\",\"publisher\":{\"@id\":\"https:\\\/\\\/religionstars.com\\\/it\\\/#organization\"},\"potentialAction\":[{\"@type\":\"SearchAction\",\"target\":{\"@type\":\"EntryPoint\",\"urlTemplate\":\"https:\\\/\\\/religionstars.com\\\/it\\\/?s={search_term_string}\"},\"query-input\":{\"@type\":\"PropertyValueSpecification\",\"valueRequired\":true,\"valueName\":\"search_term_string\"}}],\"inLanguage\":\"it-IT\"},{\"@type\":\"Organization\",\"@id\":\"https:\\\/\\\/religionstars.com\\\/it\\\/#organization\",\"name\":\"Religion Stars\",\"url\":\"https:\\\/\\\/religionstars.com\\\/it\\\/\",\"logo\":{\"@type\":\"ImageObject\",\"inLanguage\":\"it-IT\",\"@id\":\"https:\\\/\\\/religionstars.com\\\/it\\\/#\\\/schema\\\/logo\\\/image\\\/\",\"url\":\"https:\\\/\\\/religionstars.com\\\/wp-content\\\/uploads\\\/2025\\\/07\\\/cropped-Logo-Favicon-fond-clair.png\",\"contentUrl\":\"https:\\\/\\\/religionstars.com\\\/wp-content\\\/uploads\\\/2025\\\/07\\\/cropped-Logo-Favicon-fond-clair.png\",\"width\":512,\"height\":276,\"caption\":\"Religion Stars\"},\"image\":{\"@id\":\"https:\\\/\\\/religionstars.com\\\/it\\\/#\\\/schema\\\/logo\\\/image\\\/\"}}]}<\/script>\n<!-- \/ Yoast SEO plugin. -->","yoast_head_json":{"title":"Religione di Jean Sibelius","description":"Scopri la religione di Jean Sibelius. Informazioni sulle credenze religiose di questa celebrit\u00e0 su ReligionStars.","robots":{"index":"index","follow":"follow","max-snippet":"max-snippet:-1","max-image-preview":"max-image-preview:large","max-video-preview":"max-video-preview:-1"},"canonical":"https:\/\/religionstars.com\/it\/star\/jean-sibelius\/","og_locale":"it_IT","og_type":"article","og_title":"Religione di Jean Sibelius","og_description":"Scopri la religione di Jean Sibelius. Informazioni sulle credenze religiose di questa celebrit\u00e0 su ReligionStars.","og_url":"https:\/\/religionstars.com\/it\/star\/jean-sibelius\/","og_site_name":"Religion Stars","twitter_card":"summary_large_image","schema":{"@context":"https:\/\/schema.org","@graph":[{"@type":"WebPage","@id":"https:\/\/religionstars.com\/it\/star\/jean-sibelius\/","url":"https:\/\/religionstars.com\/it\/star\/jean-sibelius\/","name":"Religione di Jean Sibelius","isPartOf":{"@id":"https:\/\/religionstars.com\/it\/#website"},"datePublished":"2026-01-15T16:55:43+00:00","description":"Scopri la religione di Jean Sibelius. Informazioni sulle credenze religiose di questa celebrit\u00e0 su ReligionStars.","breadcrumb":{"@id":"https:\/\/religionstars.com\/it\/star\/jean-sibelius\/#breadcrumb"},"inLanguage":"it-IT","potentialAction":[{"@type":"ReadAction","target":["https:\/\/religionstars.com\/it\/star\/jean-sibelius\/"]}]},{"@type":"BreadcrumbList","@id":"https:\/\/religionstars.com\/it\/star\/jean-sibelius\/#breadcrumb","itemListElement":[{"@type":"ListItem","position":1,"name":"Home","item":"https:\/\/religionstars.com\/it\/homepage\/"},{"@type":"ListItem","position":2,"name":"Celebrit\u00e0","item":"https:\/\/religionstars.com\/it\/star\/"},{"@type":"ListItem","position":3,"name":"Jean Sibelius"}]},{"@type":"WebSite","@id":"https:\/\/religionstars.com\/it\/#website","url":"https:\/\/religionstars.com\/it\/","name":"Religion Stars","description":"The faith and beliefs of famous people","publisher":{"@id":"https:\/\/religionstars.com\/it\/#organization"},"potentialAction":[{"@type":"SearchAction","target":{"@type":"EntryPoint","urlTemplate":"https:\/\/religionstars.com\/it\/?s={search_term_string}"},"query-input":{"@type":"PropertyValueSpecification","valueRequired":true,"valueName":"search_term_string"}}],"inLanguage":"it-IT"},{"@type":"Organization","@id":"https:\/\/religionstars.com\/it\/#organization","name":"Religion Stars","url":"https:\/\/religionstars.com\/it\/","logo":{"@type":"ImageObject","inLanguage":"it-IT","@id":"https:\/\/religionstars.com\/it\/#\/schema\/logo\/image\/","url":"https:\/\/religionstars.com\/wp-content\/uploads\/2025\/07\/cropped-Logo-Favicon-fond-clair.png","contentUrl":"https:\/\/religionstars.com\/wp-content\/uploads\/2025\/07\/cropped-Logo-Favicon-fond-clair.png","width":512,"height":276,"caption":"Religion Stars"},"image":{"@id":"https:\/\/religionstars.com\/it\/#\/schema\/logo\/image\/"}}]}},"taxonomy_info":{"pays":[{"value":1164,"label":"Finlande"}],"religion":[{"value":486,"label":"Non specificato"}],"type-celebrite":[{"value":487,"label":"Cantante"}]},"featured_image_src_large":false,"author_info":[],"comment_info":"","_links":{"self":[{"href":"https:\/\/religionstars.com\/it\/wp-json\/wp\/v2\/stars\/33250","targetHints":{"allow":["GET"]}}],"collection":[{"href":"https:\/\/religionstars.com\/it\/wp-json\/wp\/v2\/stars"}],"about":[{"href":"https:\/\/religionstars.com\/it\/wp-json\/wp\/v2\/types\/star"}],"wp:attachment":[{"href":"https:\/\/religionstars.com\/it\/wp-json\/wp\/v2\/media?parent=33250"}],"wp:term":[{"taxonomy":"pays","embeddable":true,"href":"https:\/\/religionstars.com\/it\/wp-json\/wp\/v2\/pays?post=33250"},{"taxonomy":"religion","embeddable":true,"href":"https:\/\/religionstars.com\/it\/wp-json\/wp\/v2\/religion?post=33250"},{"taxonomy":"type-celebrite","embeddable":true,"href":"https:\/\/religionstars.com\/it\/wp-json\/wp\/v2\/type-celebrite?post=33250"}],"curies":[{"name":"wp","href":"https:\/\/api.w.org\/{rel}","templated":true}]}}

Jean Sibelius è un cantante finlandese riconosciuto, nato ad Hämeenlinna, in Finlandia, nel 1865. Benché sia stato cresciuto in un ambiente cristiano, non ha fatto dichiarazioni pubbliche chiare sulla sua fede, il che rende difficile determinare la sua religione esatta.

<!-- This site is optimized with the Yoast SEO plugin v27.5 - https://yoast.com/product/yoast-seo-wordpress/ -->
<title>Religione di Jean Sibelius</title>
<meta name="description" content="Scopri la religione di Jean Sibelius. Informazioni sulle credenze religiose di questa celebrità su ReligionStars." />
<meta name="robots" content="index, follow, max-snippet:-1, max-image-preview:large, max-video-preview:-1" />
<link rel="canonical" href="https://religionstars.com/it/star/jean-sibelius/" />
<meta property="og:locale" content="it_IT" />
<meta property="og:type" content="article" />
<meta property="og:title" content="Religione di Jean Sibelius" />
<meta property="og:description" content="Scopri la religione di Jean Sibelius. Informazioni sulle credenze religiose di questa celebrità su ReligionStars." />
<meta property="og:url" content="https://religionstars.com/it/star/jean-sibelius/" />
<meta property="og:site_name" content="Religion Stars" />
<meta name="twitter:card" content="summary_large_image" />
<script type="application/ld+json" class="yoast-schema-graph">{"@context":"https:\/\/schema.org","@graph":[{"@type":"WebPage","@id":"https:\/\/religionstars.com\/it\/star\/jean-sibelius\/","url":"https:\/\/religionstars.com\/it\/star\/jean-sibelius\/","name":"Religione di Jean Sibelius","isPartOf":{"@id":"https:\/\/religionstars.com\/it\/#website"},"datePublished":"2026-01-15T16:55:43+00:00","description":"Scopri la religione di Jean Sibelius. Informazioni sulle credenze religiose di questa celebrità su ReligionStars.","breadcrumb":{"@id":"https:\/\/religionstars.com\/it\/star\/jean-sibelius\/#breadcrumb"},"inLanguage":"it-IT","potentialAction":[{"@type":"ReadAction","target":["https:\/\/religionstars.com\/it\/star\/jean-sibelius\/"]}]},{"@type":"BreadcrumbList","@id":"https:\/\/religionstars.com\/it\/star\/jean-sibelius\/#breadcrumb","itemListElement":[{"@type":"ListItem","position":1,"name":"Home","item":"https:\/\/religionstars.com\/it\/homepage\/"},{"@type":"ListItem","position":2,"name":"Celebrità","item":"https:\/\/religionstars.com\/it\/star\/"},{"@type":"ListItem","position":3,"name":"Jean Sibelius"}]},{"@type":"WebSite","@id":"https:\/\/religionstars.com\/it\/#website","url":"https:\/\/religionstars.com\/it\/","name":"Religion Stars","description":"The faith and beliefs of famous people","publisher":{"@id":"https:\/\/religionstars.com\/it\/#organization"},"potentialAction":[{"@type":"SearchAction","target":{"@type":"EntryPoint","urlTemplate":"https:\/\/religionstars.com\/it\/?s={search_term_string}"},"query-input":{"@type":"PropertyValueSpecification","valueRequired":true,"valueName":"search_term_string"}}],"inLanguage":"it-IT"},{"@type":"Organization","@id":"https:\/\/religionstars.com\/it\/#organization","name":"Religion Stars","url":"https:\/\/religionstars.com\/it\/","logo":{"@type":"ImageObject","inLanguage":"it-IT","@id":"https:\/\/religionstars.com\/it\/#\/schema\/logo\/image\/","url":"https:\/\/religionstars.com\/wp-content\/uploads\/2025\/07\/cropped-Logo-Favicon-fond-clair.png","contentUrl":"https:\/\/religionstars.com\/wp-content\/uploads\/2025\/07\/cropped-Logo-Favicon-fond-clair.png","width":512,"height":276,"caption":"Religion Stars"},"image":{"@id":"https:\/\/religionstars.com\/it\/#\/schema\/logo\/image\/"}}]}</script>
<!-- / Yoast SEO plugin. -->

Scopri la religione di Jean Sibelius. Informazioni sulle credenze religiose di questa celebrità su ReligionStars.

Celebrità
