{"id":26242,"date":"2026-01-15T12:10:05","date_gmt":"2026-01-15T10:10:05","guid":{"rendered":"https:\/\/religionstars.com\/star\/f-w-de-klerk\/"},"modified":"2026-01-15T12:10:05","modified_gmt":"2026-01-15T10:10:05","slug":"f-w-de-klerk","status":"publish","type":"star","link":"https:\/\/religionstars.com\/es\/star\/f-w-de-klerk\/","title":{"rendered":"F. W. de Klerk"},"content":{"rendered":"","protected":false},"excerpt":{"rendered":"","protected":false},"featured_media":0,"template":"","meta":{"_acf_changed":false,"_kad_blocks_custom_css":"","_kad_blocks_head_custom_js":"","_kad_blocks_body_custom_js":"","_kad_blocks_footer_custom_js":"","_kadence_starter_templates_imported_post":false,"_kad_post_transparent":"","_kad_post_title":"","_kad_post_layout":"","_kad_post_sidebar_id":"","_kad_post_content_style":"","_kad_post_vertical_padding":"","_kad_post_feature":"","_kad_post_feature_position":"","_kad_post_header":false,"_kad_post_footer":false,"_kad_post_classname":""},"pays":[548],"religion":[500],"type-celebrite":[622],"class_list":["post-26242","star","type-star","status-publish","hentry","pays-sudafrica","religion-no-especificado","type-celebrite-politica"],"acf":{"justification":"F. W. de Klerk, expresidente de Sud\u00e1frica, desempe\u00f1\u00f3 un papel clave en la transici\u00f3n del pa\u00eds hacia la democracia. Aunque fue criado en una familia de la tradici\u00f3n holandesa reformada, sus creencias religiosas espec\u00edficas no est\u00e1n claramente documentadas en fuentes confiables.","statut_confirmation":"no_confirmado"},"yoast_head":"<!-- This site is optimized with the Yoast SEO plugin v27.5 - https:\/\/yoast.com\/product\/yoast-seo-wordpress\/ -->\n<title>Religi\u00f3n de F. W. de Klerk<\/title>\n<meta name=\"description\" content=\"Descubre la religi\u00f3n de F. W. de Klerk. Informaci\u00f3n sobre las creencias religiosas de esta celebridad en ReligionStars.\" \/>\n<meta name=\"robots\" content=\"index, follow, max-snippet:-1, max-image-preview:large, max-video-preview:-1\" \/>\n<link rel=\"canonical\" href=\"https:\/\/religionstars.com\/es\/star\/f-w-de-klerk\/\" \/>\n<meta property=\"og:locale\" content=\"es_ES\" \/>\n<meta property=\"og:type\" content=\"article\" \/>\n<meta property=\"og:title\" content=\"Religi\u00f3n de F. W. de Klerk\" \/>\n<meta property=\"og:description\" content=\"Descubre la religi\u00f3n de F. W. de Klerk. Informaci\u00f3n sobre las creencias religiosas de esta celebridad en ReligionStars.\" \/>\n<meta property=\"og:url\" content=\"https:\/\/religionstars.com\/es\/star\/f-w-de-klerk\/\" \/>\n<meta property=\"og:site_name\" content=\"Religion Stars\" \/>\n<meta name=\"twitter:card\" content=\"summary_large_image\" \/>\n<script type=\"application\/ld+json\" class=\"yoast-schema-graph\">{\"@context\":\"https:\\\/\\\/schema.org\",\"@graph\":[{\"@type\":\"WebPage\",\"@id\":\"https:\\\/\\\/religionstars.com\\\/es\\\/star\\\/f-w-de-klerk\\\/\",\"url\":\"https:\\\/\\\/religionstars.com\\\/es\\\/star\\\/f-w-de-klerk\\\/\",\"name\":\"Religi\u00f3n de F. W. de Klerk\",\"isPartOf\":{\"@id\":\"https:\\\/\\\/religionstars.com\\\/es\\\/#website\"},\"datePublished\":\"2026-01-15T10:10:05+00:00\",\"description\":\"Descubre la religi\u00f3n de F. W. de Klerk. Informaci\u00f3n sobre las creencias religiosas de esta celebridad en ReligionStars.\",\"breadcrumb\":{\"@id\":\"https:\\\/\\\/religionstars.com\\\/es\\\/star\\\/f-w-de-klerk\\\/#breadcrumb\"},\"inLanguage\":\"es\",\"potentialAction\":[{\"@type\":\"ReadAction\",\"target\":[\"https:\\\/\\\/religionstars.com\\\/es\\\/star\\\/f-w-de-klerk\\\/\"]}]},{\"@type\":\"BreadcrumbList\",\"@id\":\"https:\\\/\\\/religionstars.com\\\/es\\\/star\\\/f-w-de-klerk\\\/#breadcrumb\",\"itemListElement\":[{\"@type\":\"ListItem\",\"position\":1,\"name\":\"Inicio\",\"item\":\"https:\\\/\\\/religionstars.com\\\/es\\\/pagina-de-inicio\\\/\"},{\"@type\":\"ListItem\",\"position\":2,\"name\":\"Famosos\",\"item\":\"https:\\\/\\\/religionstars.com\\\/es\\\/star\\\/\"},{\"@type\":\"ListItem\",\"position\":3,\"name\":\"F. W. de Klerk\"}]},{\"@type\":\"WebSite\",\"@id\":\"https:\\\/\\\/religionstars.com\\\/es\\\/#website\",\"url\":\"https:\\\/\\\/religionstars.com\\\/es\\\/\",\"name\":\"Religion Stars\",\"description\":\"The faith and beliefs of famous people\",\"publisher\":{\"@id\":\"https:\\\/\\\/religionstars.com\\\/es\\\/#organization\"},\"potentialAction\":[{\"@type\":\"SearchAction\",\"target\":{\"@type\":\"EntryPoint\",\"urlTemplate\":\"https:\\\/\\\/religionstars.com\\\/es\\\/?s={search_term_string}\"},\"query-input\":{\"@type\":\"PropertyValueSpecification\",\"valueRequired\":true,\"valueName\":\"search_term_string\"}}],\"inLanguage\":\"es\"},{\"@type\":\"Organization\",\"@id\":\"https:\\\/\\\/religionstars.com\\\/es\\\/#organization\",\"name\":\"Religion Stars\",\"url\":\"https:\\\/\\\/religionstars.com\\\/es\\\/\",\"logo\":{\"@type\":\"ImageObject\",\"inLanguage\":\"es\",\"@id\":\"https:\\\/\\\/religionstars.com\\\/es\\\/#\\\/schema\\\/logo\\\/image\\\/\",\"url\":\"https:\\\/\\\/religionstars.com\\\/wp-content\\\/uploads\\\/2025\\\/07\\\/cropped-Logo-Favicon-fond-clair.png\",\"contentUrl\":\"https:\\\/\\\/religionstars.com\\\/wp-content\\\/uploads\\\/2025\\\/07\\\/cropped-Logo-Favicon-fond-clair.png\",\"width\":512,\"height\":276,\"caption\":\"Religion Stars\"},\"image\":{\"@id\":\"https:\\\/\\\/religionstars.com\\\/es\\\/#\\\/schema\\\/logo\\\/image\\\/\"}}]}<\/script>\n<!-- \/ Yoast SEO plugin. -->","yoast_head_json":{"title":"Religi\u00f3n de F. W. de Klerk","description":"Descubre la religi\u00f3n de F. W. de Klerk. Informaci\u00f3n sobre las creencias religiosas de esta celebridad en ReligionStars.","robots":{"index":"index","follow":"follow","max-snippet":"max-snippet:-1","max-image-preview":"max-image-preview:large","max-video-preview":"max-video-preview:-1"},"canonical":"https:\/\/religionstars.com\/es\/star\/f-w-de-klerk\/","og_locale":"es_ES","og_type":"article","og_title":"Religi\u00f3n de F. W. de Klerk","og_description":"Descubre la religi\u00f3n de F. W. de Klerk. Informaci\u00f3n sobre las creencias religiosas de esta celebridad en ReligionStars.","og_url":"https:\/\/religionstars.com\/es\/star\/f-w-de-klerk\/","og_site_name":"Religion Stars","twitter_card":"summary_large_image","schema":{"@context":"https:\/\/schema.org","@graph":[{"@type":"WebPage","@id":"https:\/\/religionstars.com\/es\/star\/f-w-de-klerk\/","url":"https:\/\/religionstars.com\/es\/star\/f-w-de-klerk\/","name":"Religi\u00f3n de F. W. de Klerk","isPartOf":{"@id":"https:\/\/religionstars.com\/es\/#website"},"datePublished":"2026-01-15T10:10:05+00:00","description":"Descubre la religi\u00f3n de F. W. de Klerk. Informaci\u00f3n sobre las creencias religiosas de esta celebridad en ReligionStars.","breadcrumb":{"@id":"https:\/\/religionstars.com\/es\/star\/f-w-de-klerk\/#breadcrumb"},"inLanguage":"es","potentialAction":[{"@type":"ReadAction","target":["https:\/\/religionstars.com\/es\/star\/f-w-de-klerk\/"]}]},{"@type":"BreadcrumbList","@id":"https:\/\/religionstars.com\/es\/star\/f-w-de-klerk\/#breadcrumb","itemListElement":[{"@type":"ListItem","position":1,"name":"Inicio","item":"https:\/\/religionstars.com\/es\/pagina-de-inicio\/"},{"@type":"ListItem","position":2,"name":"Famosos","item":"https:\/\/religionstars.com\/es\/star\/"},{"@type":"ListItem","position":3,"name":"F. W. de Klerk"}]},{"@type":"WebSite","@id":"https:\/\/religionstars.com\/es\/#website","url":"https:\/\/religionstars.com\/es\/","name":"Religion Stars","description":"The faith and beliefs of famous people","publisher":{"@id":"https:\/\/religionstars.com\/es\/#organization"},"potentialAction":[{"@type":"SearchAction","target":{"@type":"EntryPoint","urlTemplate":"https:\/\/religionstars.com\/es\/?s={search_term_string}"},"query-input":{"@type":"PropertyValueSpecification","valueRequired":true,"valueName":"search_term_string"}}],"inLanguage":"es"},{"@type":"Organization","@id":"https:\/\/religionstars.com\/es\/#organization","name":"Religion Stars","url":"https:\/\/religionstars.com\/es\/","logo":{"@type":"ImageObject","inLanguage":"es","@id":"https:\/\/religionstars.com\/es\/#\/schema\/logo\/image\/","url":"https:\/\/religionstars.com\/wp-content\/uploads\/2025\/07\/cropped-Logo-Favicon-fond-clair.png","contentUrl":"https:\/\/religionstars.com\/wp-content\/uploads\/2025\/07\/cropped-Logo-Favicon-fond-clair.png","width":512,"height":276,"caption":"Religion Stars"},"image":{"@id":"https:\/\/religionstars.com\/es\/#\/schema\/logo\/image\/"}}]}},"taxonomy_info":{"pays":[{"value":548,"label":"Sud\u00e1frica"}],"religion":[{"value":500,"label":"No especificado"}],"type-celebrite":[{"value":622,"label":"Pol\u00edtica"}]},"featured_image_src_large":false,"author_info":[],"comment_info":"","_links":{"self":[{"href":"https:\/\/religionstars.com\/es\/wp-json\/wp\/v2\/stars\/26242","targetHints":{"allow":["GET"]}}],"collection":[{"href":"https:\/\/religionstars.com\/es\/wp-json\/wp\/v2\/stars"}],"about":[{"href":"https:\/\/religionstars.com\/es\/wp-json\/wp\/v2\/types\/star"}],"wp:attachment":[{"href":"https:\/\/religionstars.com\/es\/wp-json\/wp\/v2\/media?parent=26242"}],"wp:term":[{"taxonomy":"pays","embeddable":true,"href":"https:\/\/religionstars.com\/es\/wp-json\/wp\/v2\/pays?post=26242"},{"taxonomy":"religion","embeddable":true,"href":"https:\/\/religionstars.com\/es\/wp-json\/wp\/v2\/religion?post=26242"},{"taxonomy":"type-celebrite","embeddable":true,"href":"https:\/\/religionstars.com\/es\/wp-json\/wp\/v2\/type-celebrite?post=26242"}],"curies":[{"name":"wp","href":"https:\/\/api.w.org\/{rel}","templated":true}]}}

F. W. de Klerk, expresidente de Sudáfrica, desempeñó un papel clave en la transición del país hacia la democracia. Aunque fue criado en una familia de la tradición holandesa reformada, sus creencias religiosas específicas no están claramente documentadas en fuentes confiables.

<!-- This site is optimized with the Yoast SEO plugin v27.5 - https://yoast.com/product/yoast-seo-wordpress/ -->
<title>Religión de F. W. de Klerk</title>
<meta name="description" content="Descubre la religión de F. W. de Klerk. Información sobre las creencias religiosas de esta celebridad en ReligionStars." />
<meta name="robots" content="index, follow, max-snippet:-1, max-image-preview:large, max-video-preview:-1" />
<link rel="canonical" href="https://religionstars.com/es/star/f-w-de-klerk/" />
<meta property="og:locale" content="es_ES" />
<meta property="og:type" content="article" />
<meta property="og:title" content="Religión de F. W. de Klerk" />
<meta property="og:description" content="Descubre la religión de F. W. de Klerk. Información sobre las creencias religiosas de esta celebridad en ReligionStars." />
<meta property="og:url" content="https://religionstars.com/es/star/f-w-de-klerk/" />
<meta property="og:site_name" content="Religion Stars" />
<meta name="twitter:card" content="summary_large_image" />
<script type="application/ld+json" class="yoast-schema-graph">{"@context":"https:\/\/schema.org","@graph":[{"@type":"WebPage","@id":"https:\/\/religionstars.com\/es\/star\/f-w-de-klerk\/","url":"https:\/\/religionstars.com\/es\/star\/f-w-de-klerk\/","name":"Religión de F. W. de Klerk","isPartOf":{"@id":"https:\/\/religionstars.com\/es\/#website"},"datePublished":"2026-01-15T10:10:05+00:00","description":"Descubre la religión de F. W. de Klerk. Información sobre las creencias religiosas de esta celebridad en ReligionStars.","breadcrumb":{"@id":"https:\/\/religionstars.com\/es\/star\/f-w-de-klerk\/#breadcrumb"},"inLanguage":"es","potentialAction":[{"@type":"ReadAction","target":["https:\/\/religionstars.com\/es\/star\/f-w-de-klerk\/"]}]},{"@type":"BreadcrumbList","@id":"https:\/\/religionstars.com\/es\/star\/f-w-de-klerk\/#breadcrumb","itemListElement":[{"@type":"ListItem","position":1,"name":"Inicio","item":"https:\/\/religionstars.com\/es\/pagina-de-inicio\/"},{"@type":"ListItem","position":2,"name":"Famosos","item":"https:\/\/religionstars.com\/es\/star\/"},{"@type":"ListItem","position":3,"name":"F. W. de Klerk"}]},{"@type":"WebSite","@id":"https:\/\/religionstars.com\/es\/#website","url":"https:\/\/religionstars.com\/es\/","name":"Religion Stars","description":"The faith and beliefs of famous people","publisher":{"@id":"https:\/\/religionstars.com\/es\/#organization"},"potentialAction":[{"@type":"SearchAction","target":{"@type":"EntryPoint","urlTemplate":"https:\/\/religionstars.com\/es\/?s={search_term_string}"},"query-input":{"@type":"PropertyValueSpecification","valueRequired":true,"valueName":"search_term_string"}}],"inLanguage":"es"},{"@type":"Organization","@id":"https:\/\/religionstars.com\/es\/#organization","name":"Religion Stars","url":"https:\/\/religionstars.com\/es\/","logo":{"@type":"ImageObject","inLanguage":"es","@id":"https:\/\/religionstars.com\/es\/#\/schema\/logo\/image\/","url":"https:\/\/religionstars.com\/wp-content\/uploads\/2025\/07\/cropped-Logo-Favicon-fond-clair.png","contentUrl":"https:\/\/religionstars.com\/wp-content\/uploads\/2025\/07\/cropped-Logo-Favicon-fond-clair.png","width":512,"height":276,"caption":"Religion Stars"},"image":{"@id":"https:\/\/religionstars.com\/es\/#\/schema\/logo\/image\/"}}]}</script>
<!-- / Yoast SEO plugin. -->

Religión de F. W. de Klerk

Descubre la religión de F. W. de Klerk. Información sobre las creencias religiosas de esta celebridad en ReligionStars.

Sudáfrica

Política
