{"id":14617,"date":"2026-01-16T15:07:51","date_gmt":"2026-01-16T13:07:51","guid":{"rendered":"https:\/\/religionstars.com\/star\/olaf-scholz\/"},"modified":"2026-01-16T15:07:51","modified_gmt":"2026-01-16T13:07:51","slug":"olaf-scholz","status":"publish","type":"star","link":"https:\/\/religionstars.com\/es\/star\/olaf-scholz\/","title":{"rendered":"Olaf Scholz"},"content":{"rendered":"","protected":false},"excerpt":{"rendered":"","protected":false},"featured_media":0,"template":"","meta":{"_acf_changed":false,"_kad_blocks_custom_css":"","_kad_blocks_head_custom_js":"","_kad_blocks_body_custom_js":"","_kad_blocks_footer_custom_js":"","_kadence_starter_templates_imported_post":false,"_kad_post_transparent":"","_kad_post_title":"","_kad_post_layout":"","_kad_post_sidebar_id":"","_kad_post_content_style":"","_kad_post_vertical_padding":"","_kad_post_feature":"","_kad_post_feature_position":"","_kad_post_header":false,"_kad_post_footer":false,"_kad_post_classname":""},"pays":[733],"religion":[500],"type-celebrite":[622],"class_list":["post-14617","star","type-star","status-publish","hentry","pays-alemania","religion-no-especificado","type-celebrite-politica"],"acf":{"justification":"Olaf Scholz es un pol\u00edtico alem\u00e1n miembro del Partido Socialdem\u00f3crata de Alemania (SPD). Aunque creci\u00f3 en una familia protestante, no ha hecho ninguna declaraci\u00f3n p\u00fablica espec\u00edfica sobre su fe actual, por lo que su religi\u00f3n no est\u00e1 clara.","statut_confirmation":"non_confirm"},"yoast_head":"<!-- This site is optimized with the Yoast SEO plugin v27.5 - https:\/\/yoast.com\/product\/yoast-seo-wordpress\/ -->\n<title>Religi\u00f3n de Olaf Scholz<\/title>\n<meta name=\"description\" content=\"Descubre la religi\u00f3n de Olaf Scholz. Informaci\u00f3n sobre las creencias religiosas de esta celebridad en ReligionStars.\" \/>\n<meta name=\"robots\" content=\"index, follow, max-snippet:-1, max-image-preview:large, max-video-preview:-1\" \/>\n<link rel=\"canonical\" href=\"https:\/\/religionstars.com\/es\/star\/olaf-scholz\/\" \/>\n<meta property=\"og:locale\" content=\"es_ES\" \/>\n<meta property=\"og:type\" content=\"article\" \/>\n<meta property=\"og:title\" content=\"Religi\u00f3n de Olaf Scholz\" \/>\n<meta property=\"og:description\" content=\"Descubre la religi\u00f3n de Olaf Scholz. Informaci\u00f3n sobre las creencias religiosas de esta celebridad en ReligionStars.\" \/>\n<meta property=\"og:url\" content=\"https:\/\/religionstars.com\/es\/star\/olaf-scholz\/\" \/>\n<meta property=\"og:site_name\" content=\"Religion Stars\" \/>\n<meta name=\"twitter:card\" content=\"summary_large_image\" \/>\n<script type=\"application\/ld+json\" class=\"yoast-schema-graph\">{\"@context\":\"https:\\\/\\\/schema.org\",\"@graph\":[{\"@type\":\"WebPage\",\"@id\":\"https:\\\/\\\/religionstars.com\\\/es\\\/star\\\/olaf-scholz\\\/\",\"url\":\"https:\\\/\\\/religionstars.com\\\/es\\\/star\\\/olaf-scholz\\\/\",\"name\":\"Religi\u00f3n de Olaf Scholz\",\"isPartOf\":{\"@id\":\"https:\\\/\\\/religionstars.com\\\/es\\\/#website\"},\"datePublished\":\"2026-01-16T13:07:51+00:00\",\"description\":\"Descubre la religi\u00f3n de Olaf Scholz. Informaci\u00f3n sobre las creencias religiosas de esta celebridad en ReligionStars.\",\"breadcrumb\":{\"@id\":\"https:\\\/\\\/religionstars.com\\\/es\\\/star\\\/olaf-scholz\\\/#breadcrumb\"},\"inLanguage\":\"es\",\"potentialAction\":[{\"@type\":\"ReadAction\",\"target\":[\"https:\\\/\\\/religionstars.com\\\/es\\\/star\\\/olaf-scholz\\\/\"]}]},{\"@type\":\"BreadcrumbList\",\"@id\":\"https:\\\/\\\/religionstars.com\\\/es\\\/star\\\/olaf-scholz\\\/#breadcrumb\",\"itemListElement\":[{\"@type\":\"ListItem\",\"position\":1,\"name\":\"Inicio\",\"item\":\"https:\\\/\\\/religionstars.com\\\/es\\\/pagina-de-inicio\\\/\"},{\"@type\":\"ListItem\",\"position\":2,\"name\":\"Famosos\",\"item\":\"https:\\\/\\\/religionstars.com\\\/es\\\/star\\\/\"},{\"@type\":\"ListItem\",\"position\":3,\"name\":\"Olaf Scholz\"}]},{\"@type\":\"WebSite\",\"@id\":\"https:\\\/\\\/religionstars.com\\\/es\\\/#website\",\"url\":\"https:\\\/\\\/religionstars.com\\\/es\\\/\",\"name\":\"Religion Stars\",\"description\":\"The faith and beliefs of famous people\",\"publisher\":{\"@id\":\"https:\\\/\\\/religionstars.com\\\/es\\\/#organization\"},\"potentialAction\":[{\"@type\":\"SearchAction\",\"target\":{\"@type\":\"EntryPoint\",\"urlTemplate\":\"https:\\\/\\\/religionstars.com\\\/es\\\/?s={search_term_string}\"},\"query-input\":{\"@type\":\"PropertyValueSpecification\",\"valueRequired\":true,\"valueName\":\"search_term_string\"}}],\"inLanguage\":\"es\"},{\"@type\":\"Organization\",\"@id\":\"https:\\\/\\\/religionstars.com\\\/es\\\/#organization\",\"name\":\"Religion Stars\",\"url\":\"https:\\\/\\\/religionstars.com\\\/es\\\/\",\"logo\":{\"@type\":\"ImageObject\",\"inLanguage\":\"es\",\"@id\":\"https:\\\/\\\/religionstars.com\\\/es\\\/#\\\/schema\\\/logo\\\/image\\\/\",\"url\":\"https:\\\/\\\/religionstars.com\\\/wp-content\\\/uploads\\\/2025\\\/07\\\/cropped-Logo-Favicon-fond-clair.png\",\"contentUrl\":\"https:\\\/\\\/religionstars.com\\\/wp-content\\\/uploads\\\/2025\\\/07\\\/cropped-Logo-Favicon-fond-clair.png\",\"width\":512,\"height\":276,\"caption\":\"Religion Stars\"},\"image\":{\"@id\":\"https:\\\/\\\/religionstars.com\\\/es\\\/#\\\/schema\\\/logo\\\/image\\\/\"}}]}<\/script>\n<!-- \/ Yoast SEO plugin. -->","yoast_head_json":{"title":"Religi\u00f3n de Olaf Scholz","description":"Descubre la religi\u00f3n de Olaf Scholz. Informaci\u00f3n sobre las creencias religiosas de esta celebridad en ReligionStars.","robots":{"index":"index","follow":"follow","max-snippet":"max-snippet:-1","max-image-preview":"max-image-preview:large","max-video-preview":"max-video-preview:-1"},"canonical":"https:\/\/religionstars.com\/es\/star\/olaf-scholz\/","og_locale":"es_ES","og_type":"article","og_title":"Religi\u00f3n de Olaf Scholz","og_description":"Descubre la religi\u00f3n de Olaf Scholz. Informaci\u00f3n sobre las creencias religiosas de esta celebridad en ReligionStars.","og_url":"https:\/\/religionstars.com\/es\/star\/olaf-scholz\/","og_site_name":"Religion Stars","twitter_card":"summary_large_image","schema":{"@context":"https:\/\/schema.org","@graph":[{"@type":"WebPage","@id":"https:\/\/religionstars.com\/es\/star\/olaf-scholz\/","url":"https:\/\/religionstars.com\/es\/star\/olaf-scholz\/","name":"Religi\u00f3n de Olaf Scholz","isPartOf":{"@id":"https:\/\/religionstars.com\/es\/#website"},"datePublished":"2026-01-16T13:07:51+00:00","description":"Descubre la religi\u00f3n de Olaf Scholz. Informaci\u00f3n sobre las creencias religiosas de esta celebridad en ReligionStars.","breadcrumb":{"@id":"https:\/\/religionstars.com\/es\/star\/olaf-scholz\/#breadcrumb"},"inLanguage":"es","potentialAction":[{"@type":"ReadAction","target":["https:\/\/religionstars.com\/es\/star\/olaf-scholz\/"]}]},{"@type":"BreadcrumbList","@id":"https:\/\/religionstars.com\/es\/star\/olaf-scholz\/#breadcrumb","itemListElement":[{"@type":"ListItem","position":1,"name":"Inicio","item":"https:\/\/religionstars.com\/es\/pagina-de-inicio\/"},{"@type":"ListItem","position":2,"name":"Famosos","item":"https:\/\/religionstars.com\/es\/star\/"},{"@type":"ListItem","position":3,"name":"Olaf Scholz"}]},{"@type":"WebSite","@id":"https:\/\/religionstars.com\/es\/#website","url":"https:\/\/religionstars.com\/es\/","name":"Religion Stars","description":"The faith and beliefs of famous people","publisher":{"@id":"https:\/\/religionstars.com\/es\/#organization"},"potentialAction":[{"@type":"SearchAction","target":{"@type":"EntryPoint","urlTemplate":"https:\/\/religionstars.com\/es\/?s={search_term_string}"},"query-input":{"@type":"PropertyValueSpecification","valueRequired":true,"valueName":"search_term_string"}}],"inLanguage":"es"},{"@type":"Organization","@id":"https:\/\/religionstars.com\/es\/#organization","name":"Religion Stars","url":"https:\/\/religionstars.com\/es\/","logo":{"@type":"ImageObject","inLanguage":"es","@id":"https:\/\/religionstars.com\/es\/#\/schema\/logo\/image\/","url":"https:\/\/religionstars.com\/wp-content\/uploads\/2025\/07\/cropped-Logo-Favicon-fond-clair.png","contentUrl":"https:\/\/religionstars.com\/wp-content\/uploads\/2025\/07\/cropped-Logo-Favicon-fond-clair.png","width":512,"height":276,"caption":"Religion Stars"},"image":{"@id":"https:\/\/religionstars.com\/es\/#\/schema\/logo\/image\/"}}]}},"taxonomy_info":{"pays":[{"value":733,"label":"Alemania"}],"religion":[{"value":500,"label":"No especificado"}],"type-celebrite":[{"value":622,"label":"Pol\u00edtica"}]},"featured_image_src_large":false,"author_info":[],"comment_info":"","_links":{"self":[{"href":"https:\/\/religionstars.com\/es\/wp-json\/wp\/v2\/stars\/14617","targetHints":{"allow":["GET"]}}],"collection":[{"href":"https:\/\/religionstars.com\/es\/wp-json\/wp\/v2\/stars"}],"about":[{"href":"https:\/\/religionstars.com\/es\/wp-json\/wp\/v2\/types\/star"}],"wp:attachment":[{"href":"https:\/\/religionstars.com\/es\/wp-json\/wp\/v2\/media?parent=14617"}],"wp:term":[{"taxonomy":"pays","embeddable":true,"href":"https:\/\/religionstars.com\/es\/wp-json\/wp\/v2\/pays?post=14617"},{"taxonomy":"religion","embeddable":true,"href":"https:\/\/religionstars.com\/es\/wp-json\/wp\/v2\/religion?post=14617"},{"taxonomy":"type-celebrite","embeddable":true,"href":"https:\/\/religionstars.com\/es\/wp-json\/wp\/v2\/type-celebrite?post=14617"}],"curies":[{"name":"wp","href":"https:\/\/api.w.org\/{rel}","templated":true}]}}

Olaf Scholz es un político alemán miembro del Partido Socialdemócrata de Alemania (SPD). Aunque creció en una familia protestante, no ha hecho ninguna declaración pública específica sobre su fe actual, por lo que su religión no está clara.

<!-- This site is optimized with the Yoast SEO plugin v27.5 - https://yoast.com/product/yoast-seo-wordpress/ -->
<title>Religión de Olaf Scholz</title>
<meta name="description" content="Descubre la religión de Olaf Scholz. Información sobre las creencias religiosas de esta celebridad en ReligionStars." />
<meta name="robots" content="index, follow, max-snippet:-1, max-image-preview:large, max-video-preview:-1" />
<link rel="canonical" href="https://religionstars.com/es/star/olaf-scholz/" />
<meta property="og:locale" content="es_ES" />
<meta property="og:type" content="article" />
<meta property="og:title" content="Religión de Olaf Scholz" />
<meta property="og:description" content="Descubre la religión de Olaf Scholz. Información sobre las creencias religiosas de esta celebridad en ReligionStars." />
<meta property="og:url" content="https://religionstars.com/es/star/olaf-scholz/" />
<meta property="og:site_name" content="Religion Stars" />
<meta name="twitter:card" content="summary_large_image" />
<script type="application/ld+json" class="yoast-schema-graph">{"@context":"https:\/\/schema.org","@graph":[{"@type":"WebPage","@id":"https:\/\/religionstars.com\/es\/star\/olaf-scholz\/","url":"https:\/\/religionstars.com\/es\/star\/olaf-scholz\/","name":"Religión de Olaf Scholz","isPartOf":{"@id":"https:\/\/religionstars.com\/es\/#website"},"datePublished":"2026-01-16T13:07:51+00:00","description":"Descubre la religión de Olaf Scholz. Información sobre las creencias religiosas de esta celebridad en ReligionStars.","breadcrumb":{"@id":"https:\/\/religionstars.com\/es\/star\/olaf-scholz\/#breadcrumb"},"inLanguage":"es","potentialAction":[{"@type":"ReadAction","target":["https:\/\/religionstars.com\/es\/star\/olaf-scholz\/"]}]},{"@type":"BreadcrumbList","@id":"https:\/\/religionstars.com\/es\/star\/olaf-scholz\/#breadcrumb","itemListElement":[{"@type":"ListItem","position":1,"name":"Inicio","item":"https:\/\/religionstars.com\/es\/pagina-de-inicio\/"},{"@type":"ListItem","position":2,"name":"Famosos","item":"https:\/\/religionstars.com\/es\/star\/"},{"@type":"ListItem","position":3,"name":"Olaf Scholz"}]},{"@type":"WebSite","@id":"https:\/\/religionstars.com\/es\/#website","url":"https:\/\/religionstars.com\/es\/","name":"Religion Stars","description":"The faith and beliefs of famous people","publisher":{"@id":"https:\/\/religionstars.com\/es\/#organization"},"potentialAction":[{"@type":"SearchAction","target":{"@type":"EntryPoint","urlTemplate":"https:\/\/religionstars.com\/es\/?s={search_term_string}"},"query-input":{"@type":"PropertyValueSpecification","valueRequired":true,"valueName":"search_term_string"}}],"inLanguage":"es"},{"@type":"Organization","@id":"https:\/\/religionstars.com\/es\/#organization","name":"Religion Stars","url":"https:\/\/religionstars.com\/es\/","logo":{"@type":"ImageObject","inLanguage":"es","@id":"https:\/\/religionstars.com\/es\/#\/schema\/logo\/image\/","url":"https:\/\/religionstars.com\/wp-content\/uploads\/2025\/07\/cropped-Logo-Favicon-fond-clair.png","contentUrl":"https:\/\/religionstars.com\/wp-content\/uploads\/2025\/07\/cropped-Logo-Favicon-fond-clair.png","width":512,"height":276,"caption":"Religion Stars"},"image":{"@id":"https:\/\/religionstars.com\/es\/#\/schema\/logo\/image\/"}}]}</script>
<!-- / Yoast SEO plugin. -->

Religión de Olaf Scholz

Descubre la religión de Olaf Scholz. Información sobre las creencias religiosas de esta celebridad en ReligionStars.

Política
