{"id":35149,"date":"2026-01-15T13:07:51","date_gmt":"2026-01-15T11:07:51","guid":{"rendered":"https:\/\/religionstars.com\/star\/ferdinand-ii\/"},"modified":"2026-01-15T13:07:51","modified_gmt":"2026-01-15T11:07:51","slug":"ferdinand-ii","status":"publish","type":"star","link":"https:\/\/religionstars.com\/de\/star\/ferdinand-ii\/","title":{"rendered":"Ferdinand II"},"content":{"rendered":"","protected":false},"excerpt":{"rendered":"","protected":false},"featured_media":0,"template":"","meta":{"_acf_changed":false,"_kad_blocks_custom_css":"","_kad_blocks_head_custom_js":"","_kad_blocks_body_custom_js":"","_kad_blocks_footer_custom_js":"","_kadence_starter_templates_imported_post":false,"_kad_post_transparent":"","_kad_post_title":"","_kad_post_layout":"","_kad_post_sidebar_id":"","_kad_post_content_style":"","_kad_post_vertical_padding":"","_kad_post_feature":"","_kad_post_feature_position":"","_kad_post_header":false,"_kad_post_footer":false,"_kad_post_classname":""},"pays":[543],"religion":[502],"type-celebrite":[610],"class_list":["post-35149","star","type-star","status-publish","hentry","pays-spanien","religion-christentum","type-celebrite-politik"],"acf":{"statut_confirmation":"non_confirme","justification":"Ferdinand II., auch bekannt als Ferdinand von Arag\u00f3n, war K\u00f6nig von Arag\u00f3n und Kastilien. Er spielte eine Schl\u00fcsselrolle bei der Vereinigung Spaniens und war ein gl\u00fchender Verfechter des Christentums, insbesondere durch die Unterst\u00fctzung der Reconquista und die Etablierung der spanischen Inquisition."},"yoast_head":"<!-- This site is optimized with the Yoast SEO plugin v27.5 - https:\/\/yoast.com\/product\/yoast-seo-wordpress\/ -->\n<title>Religion von Ferdinand II<\/title>\n<meta name=\"description\" content=\"Entdecken Sie die Religion von Ferdinand II. Informationen \u00fcber die religi\u00f6sen \u00dcberzeugungen dieser Ber\u00fchmtheit auf ReligionStars.\" \/>\n<meta name=\"robots\" content=\"index, follow, max-snippet:-1, max-image-preview:large, max-video-preview:-1\" \/>\n<link rel=\"canonical\" href=\"https:\/\/religionstars.com\/de\/star\/ferdinand-ii\/\" \/>\n<meta property=\"og:locale\" content=\"de_DE\" \/>\n<meta property=\"og:type\" content=\"article\" \/>\n<meta property=\"og:title\" content=\"Religion von Ferdinand II\" \/>\n<meta property=\"og:description\" content=\"Entdecken Sie die Religion von Ferdinand II. Informationen \u00fcber die religi\u00f6sen \u00dcberzeugungen dieser Ber\u00fchmtheit auf ReligionStars.\" \/>\n<meta property=\"og:url\" content=\"https:\/\/religionstars.com\/de\/star\/ferdinand-ii\/\" \/>\n<meta property=\"og:site_name\" content=\"Religion Stars\" \/>\n<meta name=\"twitter:card\" content=\"summary_large_image\" \/>\n<script type=\"application\/ld+json\" class=\"yoast-schema-graph\">{\"@context\":\"https:\\\/\\\/schema.org\",\"@graph\":[{\"@type\":\"WebPage\",\"@id\":\"https:\\\/\\\/religionstars.com\\\/de\\\/star\\\/ferdinand-ii\\\/\",\"url\":\"https:\\\/\\\/religionstars.com\\\/de\\\/star\\\/ferdinand-ii\\\/\",\"name\":\"Religion von Ferdinand II\",\"isPartOf\":{\"@id\":\"https:\\\/\\\/religionstars.com\\\/de\\\/#website\"},\"datePublished\":\"2026-01-15T11:07:51+00:00\",\"description\":\"Entdecken Sie die Religion von Ferdinand II. Informationen \u00fcber die religi\u00f6sen \u00dcberzeugungen dieser Ber\u00fchmtheit auf ReligionStars.\",\"breadcrumb\":{\"@id\":\"https:\\\/\\\/religionstars.com\\\/de\\\/star\\\/ferdinand-ii\\\/#breadcrumb\"},\"inLanguage\":\"de\",\"potentialAction\":[{\"@type\":\"ReadAction\",\"target\":[\"https:\\\/\\\/religionstars.com\\\/de\\\/star\\\/ferdinand-ii\\\/\"]}]},{\"@type\":\"BreadcrumbList\",\"@id\":\"https:\\\/\\\/religionstars.com\\\/de\\\/star\\\/ferdinand-ii\\\/#breadcrumb\",\"itemListElement\":[{\"@type\":\"ListItem\",\"position\":1,\"name\":\"Startseite\",\"item\":\"https:\\\/\\\/religionstars.com\\\/de\\\/homepage\\\/\"},{\"@type\":\"ListItem\",\"position\":2,\"name\":\"Stars\",\"item\":\"https:\\\/\\\/religionstars.com\\\/de\\\/star\\\/\"},{\"@type\":\"ListItem\",\"position\":3,\"name\":\"Ferdinand II\"}]},{\"@type\":\"WebSite\",\"@id\":\"https:\\\/\\\/religionstars.com\\\/de\\\/#website\",\"url\":\"https:\\\/\\\/religionstars.com\\\/de\\\/\",\"name\":\"Religion Stars\",\"description\":\"The faith and beliefs of famous people\",\"publisher\":{\"@id\":\"https:\\\/\\\/religionstars.com\\\/de\\\/#organization\"},\"potentialAction\":[{\"@type\":\"SearchAction\",\"target\":{\"@type\":\"EntryPoint\",\"urlTemplate\":\"https:\\\/\\\/religionstars.com\\\/de\\\/?s={search_term_string}\"},\"query-input\":{\"@type\":\"PropertyValueSpecification\",\"valueRequired\":true,\"valueName\":\"search_term_string\"}}],\"inLanguage\":\"de\"},{\"@type\":\"Organization\",\"@id\":\"https:\\\/\\\/religionstars.com\\\/de\\\/#organization\",\"name\":\"Religion Stars\",\"url\":\"https:\\\/\\\/religionstars.com\\\/de\\\/\",\"logo\":{\"@type\":\"ImageObject\",\"inLanguage\":\"de\",\"@id\":\"https:\\\/\\\/religionstars.com\\\/de\\\/#\\\/schema\\\/logo\\\/image\\\/\",\"url\":\"https:\\\/\\\/religionstars.com\\\/wp-content\\\/uploads\\\/2025\\\/07\\\/cropped-Logo-Favicon-fond-clair.png\",\"contentUrl\":\"https:\\\/\\\/religionstars.com\\\/wp-content\\\/uploads\\\/2025\\\/07\\\/cropped-Logo-Favicon-fond-clair.png\",\"width\":512,\"height\":276,\"caption\":\"Religion Stars\"},\"image\":{\"@id\":\"https:\\\/\\\/religionstars.com\\\/de\\\/#\\\/schema\\\/logo\\\/image\\\/\"}}]}<\/script>\n<!-- \/ Yoast SEO plugin. -->","yoast_head_json":{"title":"Religion von Ferdinand II","description":"Entdecken Sie die Religion von Ferdinand II. Informationen \u00fcber die religi\u00f6sen \u00dcberzeugungen dieser Ber\u00fchmtheit auf ReligionStars.","robots":{"index":"index","follow":"follow","max-snippet":"max-snippet:-1","max-image-preview":"max-image-preview:large","max-video-preview":"max-video-preview:-1"},"canonical":"https:\/\/religionstars.com\/de\/star\/ferdinand-ii\/","og_locale":"de_DE","og_type":"article","og_title":"Religion von Ferdinand II","og_description":"Entdecken Sie die Religion von Ferdinand II. Informationen \u00fcber die religi\u00f6sen \u00dcberzeugungen dieser Ber\u00fchmtheit auf ReligionStars.","og_url":"https:\/\/religionstars.com\/de\/star\/ferdinand-ii\/","og_site_name":"Religion Stars","twitter_card":"summary_large_image","schema":{"@context":"https:\/\/schema.org","@graph":[{"@type":"WebPage","@id":"https:\/\/religionstars.com\/de\/star\/ferdinand-ii\/","url":"https:\/\/religionstars.com\/de\/star\/ferdinand-ii\/","name":"Religion von Ferdinand II","isPartOf":{"@id":"https:\/\/religionstars.com\/de\/#website"},"datePublished":"2026-01-15T11:07:51+00:00","description":"Entdecken Sie die Religion von Ferdinand II. Informationen \u00fcber die religi\u00f6sen \u00dcberzeugungen dieser Ber\u00fchmtheit auf ReligionStars.","breadcrumb":{"@id":"https:\/\/religionstars.com\/de\/star\/ferdinand-ii\/#breadcrumb"},"inLanguage":"de","potentialAction":[{"@type":"ReadAction","target":["https:\/\/religionstars.com\/de\/star\/ferdinand-ii\/"]}]},{"@type":"BreadcrumbList","@id":"https:\/\/religionstars.com\/de\/star\/ferdinand-ii\/#breadcrumb","itemListElement":[{"@type":"ListItem","position":1,"name":"Startseite","item":"https:\/\/religionstars.com\/de\/homepage\/"},{"@type":"ListItem","position":2,"name":"Stars","item":"https:\/\/religionstars.com\/de\/star\/"},{"@type":"ListItem","position":3,"name":"Ferdinand II"}]},{"@type":"WebSite","@id":"https:\/\/religionstars.com\/de\/#website","url":"https:\/\/religionstars.com\/de\/","name":"Religion Stars","description":"The faith and beliefs of famous people","publisher":{"@id":"https:\/\/religionstars.com\/de\/#organization"},"potentialAction":[{"@type":"SearchAction","target":{"@type":"EntryPoint","urlTemplate":"https:\/\/religionstars.com\/de\/?s={search_term_string}"},"query-input":{"@type":"PropertyValueSpecification","valueRequired":true,"valueName":"search_term_string"}}],"inLanguage":"de"},{"@type":"Organization","@id":"https:\/\/religionstars.com\/de\/#organization","name":"Religion Stars","url":"https:\/\/religionstars.com\/de\/","logo":{"@type":"ImageObject","inLanguage":"de","@id":"https:\/\/religionstars.com\/de\/#\/schema\/logo\/image\/","url":"https:\/\/religionstars.com\/wp-content\/uploads\/2025\/07\/cropped-Logo-Favicon-fond-clair.png","contentUrl":"https:\/\/religionstars.com\/wp-content\/uploads\/2025\/07\/cropped-Logo-Favicon-fond-clair.png","width":512,"height":276,"caption":"Religion Stars"},"image":{"@id":"https:\/\/religionstars.com\/de\/#\/schema\/logo\/image\/"}}]}},"taxonomy_info":{"pays":[{"value":543,"label":"Spanien"}],"religion":[{"value":502,"label":"Christentum"}],"type-celebrite":[{"value":610,"label":"Politik"}]},"featured_image_src_large":false,"author_info":[],"comment_info":"","_links":{"self":[{"href":"https:\/\/religionstars.com\/de\/wp-json\/wp\/v2\/stars\/35149","targetHints":{"allow":["GET"]}}],"collection":[{"href":"https:\/\/religionstars.com\/de\/wp-json\/wp\/v2\/stars"}],"about":[{"href":"https:\/\/religionstars.com\/de\/wp-json\/wp\/v2\/types\/star"}],"wp:attachment":[{"href":"https:\/\/religionstars.com\/de\/wp-json\/wp\/v2\/media?parent=35149"}],"wp:term":[{"taxonomy":"pays","embeddable":true,"href":"https:\/\/religionstars.com\/de\/wp-json\/wp\/v2\/pays?post=35149"},{"taxonomy":"religion","embeddable":true,"href":"https:\/\/religionstars.com\/de\/wp-json\/wp\/v2\/religion?post=35149"},{"taxonomy":"type-celebrite","embeddable":true,"href":"https:\/\/religionstars.com\/de\/wp-json\/wp\/v2\/type-celebrite?post=35149"}],"curies":[{"name":"wp","href":"https:\/\/api.w.org\/{rel}","templated":true}]}}

Ferdinand II., auch bekannt als Ferdinand von Aragón, war König von Aragón und Kastilien. Er spielte eine Schlüsselrolle bei der Vereinigung Spaniens und war ein glühender Verfechter des Christentums, insbesondere durch die Unterstützung der Reconquista und die Etablierung der spanischen Inquisition.

<!-- This site is optimized with the Yoast SEO plugin v27.5 - https://yoast.com/product/yoast-seo-wordpress/ -->
<title>Religion von Ferdinand II</title>
<meta name="description" content="Entdecken Sie die Religion von Ferdinand II. Informationen über die religiösen Überzeugungen dieser Berühmtheit auf ReligionStars." />
<meta name="robots" content="index, follow, max-snippet:-1, max-image-preview:large, max-video-preview:-1" />
<link rel="canonical" href="https://religionstars.com/de/star/ferdinand-ii/" />
<meta property="og:locale" content="de_DE" />
<meta property="og:type" content="article" />
<meta property="og:title" content="Religion von Ferdinand II" />
<meta property="og:description" content="Entdecken Sie die Religion von Ferdinand II. Informationen über die religiösen Überzeugungen dieser Berühmtheit auf ReligionStars." />
<meta property="og:url" content="https://religionstars.com/de/star/ferdinand-ii/" />
<meta property="og:site_name" content="Religion Stars" />
<meta name="twitter:card" content="summary_large_image" />
<script type="application/ld+json" class="yoast-schema-graph">{"@context":"https:\/\/schema.org","@graph":[{"@type":"WebPage","@id":"https:\/\/religionstars.com\/de\/star\/ferdinand-ii\/","url":"https:\/\/religionstars.com\/de\/star\/ferdinand-ii\/","name":"Religion von Ferdinand II","isPartOf":{"@id":"https:\/\/religionstars.com\/de\/#website"},"datePublished":"2026-01-15T11:07:51+00:00","description":"Entdecken Sie die Religion von Ferdinand II. Informationen über die religiösen Überzeugungen dieser Berühmtheit auf ReligionStars.","breadcrumb":{"@id":"https:\/\/religionstars.com\/de\/star\/ferdinand-ii\/#breadcrumb"},"inLanguage":"de","potentialAction":[{"@type":"ReadAction","target":["https:\/\/religionstars.com\/de\/star\/ferdinand-ii\/"]}]},{"@type":"BreadcrumbList","@id":"https:\/\/religionstars.com\/de\/star\/ferdinand-ii\/#breadcrumb","itemListElement":[{"@type":"ListItem","position":1,"name":"Startseite","item":"https:\/\/religionstars.com\/de\/homepage\/"},{"@type":"ListItem","position":2,"name":"Stars","item":"https:\/\/religionstars.com\/de\/star\/"},{"@type":"ListItem","position":3,"name":"Ferdinand II"}]},{"@type":"WebSite","@id":"https:\/\/religionstars.com\/de\/#website","url":"https:\/\/religionstars.com\/de\/","name":"Religion Stars","description":"The faith and beliefs of famous people","publisher":{"@id":"https:\/\/religionstars.com\/de\/#organization"},"potentialAction":[{"@type":"SearchAction","target":{"@type":"EntryPoint","urlTemplate":"https:\/\/religionstars.com\/de\/?s={search_term_string}"},"query-input":{"@type":"PropertyValueSpecification","valueRequired":true,"valueName":"search_term_string"}}],"inLanguage":"de"},{"@type":"Organization","@id":"https:\/\/religionstars.com\/de\/#organization","name":"Religion Stars","url":"https:\/\/religionstars.com\/de\/","logo":{"@type":"ImageObject","inLanguage":"de","@id":"https:\/\/religionstars.com\/de\/#\/schema\/logo\/image\/","url":"https:\/\/religionstars.com\/wp-content\/uploads\/2025\/07\/cropped-Logo-Favicon-fond-clair.png","contentUrl":"https:\/\/religionstars.com\/wp-content\/uploads\/2025\/07\/cropped-Logo-Favicon-fond-clair.png","width":512,"height":276,"caption":"Religion Stars"},"image":{"@id":"https:\/\/religionstars.com\/de\/#\/schema\/logo\/image\/"}}]}</script>
<!-- / Yoast SEO plugin. -->

Entdecken Sie die Religion von Ferdinand II. Informationen über die religiösen Überzeugungen dieser Berühmtheit auf ReligionStars.
