{"id":28209,"date":"2026-01-16T17:32:57","date_gmt":"2026-01-16T15:32:57","guid":{"rendered":"https:\/\/religionstars.com\/star\/sebastian-kurz\/"},"modified":"2026-01-16T17:32:57","modified_gmt":"2026-01-16T15:32:57","slug":"sebastian-kurz","status":"publish","type":"star","link":"https:\/\/religionstars.com\/de\/star\/sebastian-kurz\/","title":{"rendered":"Sebastian Kurz"},"content":{"rendered":"","protected":false},"excerpt":{"rendered":"","protected":false},"featured_media":0,"template":"","meta":{"_acf_changed":false,"_kad_blocks_custom_css":"","_kad_blocks_head_custom_js":"","_kad_blocks_body_custom_js":"","_kad_blocks_footer_custom_js":"","_kadence_starter_templates_imported_post":false,"_kad_post_transparent":"","_kad_post_title":"","_kad_post_layout":"","_kad_post_sidebar_id":"","_kad_post_content_style":"","_kad_post_vertical_padding":"","_kad_post_feature":"","_kad_post_feature_position":"","_kad_post_header":false,"_kad_post_footer":false,"_kad_post_classname":""},"pays":[738],"religion":[492],"type-celebrite":[610],"class_list":["post-28209","star","type-star","status-publish","hentry","pays-osterreich","religion-nicht-angegeben","type-celebrite-politik"],"acf":{"justification":"Sebastian Kurz ist ein \u00f6sterreichischer Politiker und ehemaliger Bundeskanzler \u00d6sterreichs. Er wurde in Wien geboren und wuchs in einer Familie christlicher Herkunft auf, hat aber keine pr\u00e4zisen \u00f6ffentlichen Aussagen \u00fcber seinen pers\u00f6nlichen Glauben gemacht.","statut_confirmation":"nicht_best\u00e4tigt"},"yoast_head":"<!-- This site is optimized with the Yoast SEO plugin v27.5 - https:\/\/yoast.com\/product\/yoast-seo-wordpress\/ -->\n<title>Religion von Sebastian Kurz<\/title>\n<meta name=\"description\" content=\"Entdecken Sie die Religion von Sebastian Kurz. Informationen \u00fcber die religi\u00f6sen \u00dcberzeugungen dieser Ber\u00fchmtheit auf ReligionStars.\" \/>\n<meta name=\"robots\" content=\"index, follow, max-snippet:-1, max-image-preview:large, max-video-preview:-1\" \/>\n<link rel=\"canonical\" href=\"https:\/\/religionstars.com\/de\/star\/sebastian-kurz\/\" \/>\n<meta property=\"og:locale\" content=\"de_DE\" \/>\n<meta property=\"og:type\" content=\"article\" \/>\n<meta property=\"og:title\" content=\"Religion von Sebastian Kurz\" \/>\n<meta property=\"og:description\" content=\"Entdecken Sie die Religion von Sebastian Kurz. Informationen \u00fcber die religi\u00f6sen \u00dcberzeugungen dieser Ber\u00fchmtheit auf ReligionStars.\" \/>\n<meta property=\"og:url\" content=\"https:\/\/religionstars.com\/de\/star\/sebastian-kurz\/\" \/>\n<meta property=\"og:site_name\" content=\"Religion Stars\" \/>\n<meta name=\"twitter:card\" content=\"summary_large_image\" \/>\n<script type=\"application\/ld+json\" class=\"yoast-schema-graph\">{\"@context\":\"https:\\\/\\\/schema.org\",\"@graph\":[{\"@type\":\"WebPage\",\"@id\":\"https:\\\/\\\/religionstars.com\\\/de\\\/star\\\/sebastian-kurz\\\/\",\"url\":\"https:\\\/\\\/religionstars.com\\\/de\\\/star\\\/sebastian-kurz\\\/\",\"name\":\"Religion von Sebastian Kurz\",\"isPartOf\":{\"@id\":\"https:\\\/\\\/religionstars.com\\\/de\\\/#website\"},\"datePublished\":\"2026-01-16T15:32:57+00:00\",\"description\":\"Entdecken Sie die Religion von Sebastian Kurz. Informationen \u00fcber die religi\u00f6sen \u00dcberzeugungen dieser Ber\u00fchmtheit auf ReligionStars.\",\"breadcrumb\":{\"@id\":\"https:\\\/\\\/religionstars.com\\\/de\\\/star\\\/sebastian-kurz\\\/#breadcrumb\"},\"inLanguage\":\"de\",\"potentialAction\":[{\"@type\":\"ReadAction\",\"target\":[\"https:\\\/\\\/religionstars.com\\\/de\\\/star\\\/sebastian-kurz\\\/\"]}]},{\"@type\":\"BreadcrumbList\",\"@id\":\"https:\\\/\\\/religionstars.com\\\/de\\\/star\\\/sebastian-kurz\\\/#breadcrumb\",\"itemListElement\":[{\"@type\":\"ListItem\",\"position\":1,\"name\":\"Startseite\",\"item\":\"https:\\\/\\\/religionstars.com\\\/de\\\/homepage\\\/\"},{\"@type\":\"ListItem\",\"position\":2,\"name\":\"Stars\",\"item\":\"https:\\\/\\\/religionstars.com\\\/de\\\/star\\\/\"},{\"@type\":\"ListItem\",\"position\":3,\"name\":\"Sebastian Kurz\"}]},{\"@type\":\"WebSite\",\"@id\":\"https:\\\/\\\/religionstars.com\\\/de\\\/#website\",\"url\":\"https:\\\/\\\/religionstars.com\\\/de\\\/\",\"name\":\"Religion Stars\",\"description\":\"The faith and beliefs of famous people\",\"publisher\":{\"@id\":\"https:\\\/\\\/religionstars.com\\\/de\\\/#organization\"},\"potentialAction\":[{\"@type\":\"SearchAction\",\"target\":{\"@type\":\"EntryPoint\",\"urlTemplate\":\"https:\\\/\\\/religionstars.com\\\/de\\\/?s={search_term_string}\"},\"query-input\":{\"@type\":\"PropertyValueSpecification\",\"valueRequired\":true,\"valueName\":\"search_term_string\"}}],\"inLanguage\":\"de\"},{\"@type\":\"Organization\",\"@id\":\"https:\\\/\\\/religionstars.com\\\/de\\\/#organization\",\"name\":\"Religion Stars\",\"url\":\"https:\\\/\\\/religionstars.com\\\/de\\\/\",\"logo\":{\"@type\":\"ImageObject\",\"inLanguage\":\"de\",\"@id\":\"https:\\\/\\\/religionstars.com\\\/de\\\/#\\\/schema\\\/logo\\\/image\\\/\",\"url\":\"https:\\\/\\\/religionstars.com\\\/wp-content\\\/uploads\\\/2025\\\/07\\\/cropped-Logo-Favicon-fond-clair.png\",\"contentUrl\":\"https:\\\/\\\/religionstars.com\\\/wp-content\\\/uploads\\\/2025\\\/07\\\/cropped-Logo-Favicon-fond-clair.png\",\"width\":512,\"height\":276,\"caption\":\"Religion Stars\"},\"image\":{\"@id\":\"https:\\\/\\\/religionstars.com\\\/de\\\/#\\\/schema\\\/logo\\\/image\\\/\"}}]}<\/script>\n<!-- \/ Yoast SEO plugin. -->","yoast_head_json":{"title":"Religion von Sebastian Kurz","description":"Entdecken Sie die Religion von Sebastian Kurz. Informationen \u00fcber die religi\u00f6sen \u00dcberzeugungen dieser Ber\u00fchmtheit auf ReligionStars.","robots":{"index":"index","follow":"follow","max-snippet":"max-snippet:-1","max-image-preview":"max-image-preview:large","max-video-preview":"max-video-preview:-1"},"canonical":"https:\/\/religionstars.com\/de\/star\/sebastian-kurz\/","og_locale":"de_DE","og_type":"article","og_title":"Religion von Sebastian Kurz","og_description":"Entdecken Sie die Religion von Sebastian Kurz. Informationen \u00fcber die religi\u00f6sen \u00dcberzeugungen dieser Ber\u00fchmtheit auf ReligionStars.","og_url":"https:\/\/religionstars.com\/de\/star\/sebastian-kurz\/","og_site_name":"Religion Stars","twitter_card":"summary_large_image","schema":{"@context":"https:\/\/schema.org","@graph":[{"@type":"WebPage","@id":"https:\/\/religionstars.com\/de\/star\/sebastian-kurz\/","url":"https:\/\/religionstars.com\/de\/star\/sebastian-kurz\/","name":"Religion von Sebastian Kurz","isPartOf":{"@id":"https:\/\/religionstars.com\/de\/#website"},"datePublished":"2026-01-16T15:32:57+00:00","description":"Entdecken Sie die Religion von Sebastian Kurz. Informationen \u00fcber die religi\u00f6sen \u00dcberzeugungen dieser Ber\u00fchmtheit auf ReligionStars.","breadcrumb":{"@id":"https:\/\/religionstars.com\/de\/star\/sebastian-kurz\/#breadcrumb"},"inLanguage":"de","potentialAction":[{"@type":"ReadAction","target":["https:\/\/religionstars.com\/de\/star\/sebastian-kurz\/"]}]},{"@type":"BreadcrumbList","@id":"https:\/\/religionstars.com\/de\/star\/sebastian-kurz\/#breadcrumb","itemListElement":[{"@type":"ListItem","position":1,"name":"Startseite","item":"https:\/\/religionstars.com\/de\/homepage\/"},{"@type":"ListItem","position":2,"name":"Stars","item":"https:\/\/religionstars.com\/de\/star\/"},{"@type":"ListItem","position":3,"name":"Sebastian Kurz"}]},{"@type":"WebSite","@id":"https:\/\/religionstars.com\/de\/#website","url":"https:\/\/religionstars.com\/de\/","name":"Religion Stars","description":"The faith and beliefs of famous people","publisher":{"@id":"https:\/\/religionstars.com\/de\/#organization"},"potentialAction":[{"@type":"SearchAction","target":{"@type":"EntryPoint","urlTemplate":"https:\/\/religionstars.com\/de\/?s={search_term_string}"},"query-input":{"@type":"PropertyValueSpecification","valueRequired":true,"valueName":"search_term_string"}}],"inLanguage":"de"},{"@type":"Organization","@id":"https:\/\/religionstars.com\/de\/#organization","name":"Religion Stars","url":"https:\/\/religionstars.com\/de\/","logo":{"@type":"ImageObject","inLanguage":"de","@id":"https:\/\/religionstars.com\/de\/#\/schema\/logo\/image\/","url":"https:\/\/religionstars.com\/wp-content\/uploads\/2025\/07\/cropped-Logo-Favicon-fond-clair.png","contentUrl":"https:\/\/religionstars.com\/wp-content\/uploads\/2025\/07\/cropped-Logo-Favicon-fond-clair.png","width":512,"height":276,"caption":"Religion Stars"},"image":{"@id":"https:\/\/religionstars.com\/de\/#\/schema\/logo\/image\/"}}]}},"taxonomy_info":{"pays":[{"value":738,"label":"\u00d6sterreich"}],"religion":[{"value":492,"label":"Nicht angegeben"}],"type-celebrite":[{"value":610,"label":"Politik"}]},"featured_image_src_large":false,"author_info":[],"comment_info":"","_links":{"self":[{"href":"https:\/\/religionstars.com\/de\/wp-json\/wp\/v2\/stars\/28209","targetHints":{"allow":["GET"]}}],"collection":[{"href":"https:\/\/religionstars.com\/de\/wp-json\/wp\/v2\/stars"}],"about":[{"href":"https:\/\/religionstars.com\/de\/wp-json\/wp\/v2\/types\/star"}],"wp:attachment":[{"href":"https:\/\/religionstars.com\/de\/wp-json\/wp\/v2\/media?parent=28209"}],"wp:term":[{"taxonomy":"pays","embeddable":true,"href":"https:\/\/religionstars.com\/de\/wp-json\/wp\/v2\/pays?post=28209"},{"taxonomy":"religion","embeddable":true,"href":"https:\/\/religionstars.com\/de\/wp-json\/wp\/v2\/religion?post=28209"},{"taxonomy":"type-celebrite","embeddable":true,"href":"https:\/\/religionstars.com\/de\/wp-json\/wp\/v2\/type-celebrite?post=28209"}],"curies":[{"name":"wp","href":"https:\/\/api.w.org\/{rel}","templated":true}]}}

Sebastian Kurz ist ein österreichischer Politiker und ehemaliger Bundeskanzler Österreichs. Er wurde in Wien geboren und wuchs in einer Familie christlicher Herkunft auf, hat aber keine präzisen öffentlichen Aussagen über seinen persönlichen Glauben gemacht.

nicht_bestätigt

<!-- This site is optimized with the Yoast SEO plugin v27.5 - https://yoast.com/product/yoast-seo-wordpress/ -->
<title>Religion von Sebastian Kurz</title>
<meta name="description" content="Entdecken Sie die Religion von Sebastian Kurz. Informationen über die religiösen Überzeugungen dieser Berühmtheit auf ReligionStars." />
<meta name="robots" content="index, follow, max-snippet:-1, max-image-preview:large, max-video-preview:-1" />
<link rel="canonical" href="https://religionstars.com/de/star/sebastian-kurz/" />
<meta property="og:locale" content="de_DE" />
<meta property="og:type" content="article" />
<meta property="og:title" content="Religion von Sebastian Kurz" />
<meta property="og:description" content="Entdecken Sie die Religion von Sebastian Kurz. Informationen über die religiösen Überzeugungen dieser Berühmtheit auf ReligionStars." />
<meta property="og:url" content="https://religionstars.com/de/star/sebastian-kurz/" />
<meta property="og:site_name" content="Religion Stars" />
<meta name="twitter:card" content="summary_large_image" />
<script type="application/ld+json" class="yoast-schema-graph">{"@context":"https:\/\/schema.org","@graph":[{"@type":"WebPage","@id":"https:\/\/religionstars.com\/de\/star\/sebastian-kurz\/","url":"https:\/\/religionstars.com\/de\/star\/sebastian-kurz\/","name":"Religion von Sebastian Kurz","isPartOf":{"@id":"https:\/\/religionstars.com\/de\/#website"},"datePublished":"2026-01-16T15:32:57+00:00","description":"Entdecken Sie die Religion von Sebastian Kurz. Informationen über die religiösen Überzeugungen dieser Berühmtheit auf ReligionStars.","breadcrumb":{"@id":"https:\/\/religionstars.com\/de\/star\/sebastian-kurz\/#breadcrumb"},"inLanguage":"de","potentialAction":[{"@type":"ReadAction","target":["https:\/\/religionstars.com\/de\/star\/sebastian-kurz\/"]}]},{"@type":"BreadcrumbList","@id":"https:\/\/religionstars.com\/de\/star\/sebastian-kurz\/#breadcrumb","itemListElement":[{"@type":"ListItem","position":1,"name":"Startseite","item":"https:\/\/religionstars.com\/de\/homepage\/"},{"@type":"ListItem","position":2,"name":"Stars","item":"https:\/\/religionstars.com\/de\/star\/"},{"@type":"ListItem","position":3,"name":"Sebastian Kurz"}]},{"@type":"WebSite","@id":"https:\/\/religionstars.com\/de\/#website","url":"https:\/\/religionstars.com\/de\/","name":"Religion Stars","description":"The faith and beliefs of famous people","publisher":{"@id":"https:\/\/religionstars.com\/de\/#organization"},"potentialAction":[{"@type":"SearchAction","target":{"@type":"EntryPoint","urlTemplate":"https:\/\/religionstars.com\/de\/?s={search_term_string}"},"query-input":{"@type":"PropertyValueSpecification","valueRequired":true,"valueName":"search_term_string"}}],"inLanguage":"de"},{"@type":"Organization","@id":"https:\/\/religionstars.com\/de\/#organization","name":"Religion Stars","url":"https:\/\/religionstars.com\/de\/","logo":{"@type":"ImageObject","inLanguage":"de","@id":"https:\/\/religionstars.com\/de\/#\/schema\/logo\/image\/","url":"https:\/\/religionstars.com\/wp-content\/uploads\/2025\/07\/cropped-Logo-Favicon-fond-clair.png","contentUrl":"https:\/\/religionstars.com\/wp-content\/uploads\/2025\/07\/cropped-Logo-Favicon-fond-clair.png","width":512,"height":276,"caption":"Religion Stars"},"image":{"@id":"https:\/\/religionstars.com\/de\/#\/schema\/logo\/image\/"}}]}</script>
<!-- / Yoast SEO plugin. -->

Entdecken Sie die Religion von Sebastian Kurz. Informationen über die religiösen Überzeugungen dieser Berühmtheit auf ReligionStars.

Österreich
